{"id":976,"date":"2021-04-09T16:44:42","date_gmt":"2021-04-09T14:44:42","guid":{"rendered":"https:\/\/sport-goslar.de\/verein-shop\/?post_type=product&#038;p=976"},"modified":"2024-03-11T17:40:29","modified_gmt":"2024-03-11T16:40:29","slug":"handtuch-tvn","status":"publish","type":"product","link":"https:\/\/sport-goslar.de\/verein-shop\/produkt\/handtuch-tvn\/","title":{"rendered":"Handtuch TVN"},"content":{"rendered":"<p>Bei gro\u00dfen Mengen k\u00f6nnen wir die Ware im europ\u00e4ischen Ausland produzieren lassen. Hier bieten wie dann eine etwas einfachere Qualtit\u00e4t daf\u00fcr aber zu besonders g\u00fcrnstigen Preisen zB:<\/p>\n<p>Ma\u00dfe 70 x 100cm:<br \/>\nab 50 Stck. 14,99<br \/>\nab 100 Stck 13,99<br \/>\nab 200 Stck 12,99<br \/>\nab 500 Stck 11,99<\/p>\n<p>Ma\u00dfe 80x 150 cm:<br \/>\nab 50 Stck. 16,99<br \/>\nab 100 Stck. 15,99<br \/>\nab 200 Stck. 13,99<br \/>\nab 500 Stck. 12,99<br \/>\nab 2000 Stck. Preis auf Anfrage<\/p>\n<p>Ware die invividuell f\u00fcr euch veredelt wird (also z.B. mit Spielernamen, Nummern, Sponsorenlogos, Vereinswappen, Initalien, etc bedruckt\/beflockt wird) gilt als Sonderanfertigung und ist von einem Umtausch leider ausgeschlossen.<\/p>\n<p>&nbsp;<\/p>\n<p>&nbsp;<\/p>\n<p>Hey Triathleten, habt ihr schon unseren brandneuen Onlineshop f\u00fcr den Triathlon Verband Niedersachsen entdeckt? Wir sind mega aufgeregt, euch die hei\u00dfesten Produkte f\u00fcr eure Wettk\u00e4mpfe zu pr\u00e4sentieren! Und das Beste daran? Unser Shop ist nicht nur f\u00fcr Niedersachsen gedacht, sondern wir k\u00f6nnen auch f\u00fcr andere Triathlon-Verb\u00e4nde individuelle Shops auf die Beine stellen! Lasst uns gemeinsam durchstarten und die Triathlon-Szene rocken!<\/p>\n","protected":false},"excerpt":{"rendered":"<p><strong>Handtuch TVN 50&#215;100<br \/>\n<\/strong><\/p>\n<div class=\"woocommerce-product-details__short-description\">\n<p>Handtuch mit Sublimationsdruck. Ein optisches Highlight in den Ma\u00dfen 50 x 100 cm. Wir veredeln dies mit einem hochwertigen Sublimationsdruck den wir nach\u00a0 individuell auftragen. Beim Sublimationdruck-Verfahren wird die Farbe direkt auf dem Material bei einer Temperatur von ca. 200\u00b0C eingedampft (sublimieren) Die Farbe bleibt dabei direkt an jeder einzelnen Faser haften und wird nicht oben drauf mit einer harten Tr\u00e4gerschicht aufgeb\u00fcgelt. Die Farbpigmente sind somit ein Teil des Stoffes und werden nicht aufgeklebt wie z.B. beim Plotterverfahren \u00fcblich. Die HALTBARKEIT ist durch das direkte eindampfen der Farbe in das Material mit keiner andere Methode vergleichbar! Der Sublimationddruck verliert sich bei unz\u00e4hligen hei\u00dfen W\u00e4schen nie an Brillanz. Die UV- und Farbbest\u00e4ndigkeit sucht seinesgleichen. Eine ist Seite ist aus 100% Polyester, das nur bei diesem Material die Drucktechnik m\u00f6glich ist. Die andere Seite ist aus unbedruckter Baumwolle und nimmt die Feutigkeit perfekt auf.<\/p>\n<\/div>\n<p>Gr\u00f6\u00dfe\u00a0 S<\/p>\n<p>Lieferzeit: ca 7- 14 Tage<\/p>\n<table border=\"1\" cellspacing=\"0\" cellpadding=\"0\">\n<tbody>\n<tr>\n<td><strong>Menge<\/strong><\/td>\n<td><strong>Preis<\/strong><\/td>\n<\/tr>\n<tr>\n<td>1 &#8211; 4<\/td>\n<td>21,99 \u20ac<\/td>\n<\/tr>\n<tr>\n<td>5 &#8211; 9<\/td>\n<td>20,50 \u20ac<\/td>\n<\/tr>\n<tr>\n<td>10-20<\/td>\n<td>19,99 \u20ac<\/td>\n<\/tr>\n<\/tbody>\n<\/table>\n<p>&nbsp;<\/p>\n","protected":false},"featured_media":978,"template":"","meta":[],"product_brand":[],"product_cat":[252,218],"product_tag":[],"class_list":{"0":"post-976","1":"product","2":"type-product","3":"status-publish","4":"has-post-thumbnail","6":"product_cat-handtuecher-badepantoletten-tvn","7":"product_cat-tvn-shop","8":"description-off","10":"first","11":"instock","12":"sale","13":"taxable","14":"shipping-taxable","15":"purchasable","16":"product-type-variable"},"_links":{"self":[{"href":"https:\/\/sport-goslar.de\/verein-shop\/wp-json\/wp\/v2\/product\/976","targetHints":{"allow":["GET"]}}],"collection":[{"href":"https:\/\/sport-goslar.de\/verein-shop\/wp-json\/wp\/v2\/product"}],"about":[{"href":"https:\/\/sport-goslar.de\/verein-shop\/wp-json\/wp\/v2\/types\/product"}],"wp:featuredmedia":[{"embeddable":true,"href":"https:\/\/sport-goslar.de\/verein-shop\/wp-json\/wp\/v2\/media\/978"}],"wp:attachment":[{"href":"https:\/\/sport-goslar.de\/verein-shop\/wp-json\/wp\/v2\/media?parent=976"}],"wp:term":[{"taxonomy":"product_brand","embeddable":true,"href":"https:\/\/sport-goslar.de\/verein-shop\/wp-json\/wp\/v2\/product_brand?post=976"},{"taxonomy":"product_cat","embeddable":true,"href":"https:\/\/sport-goslar.de\/verein-shop\/wp-json\/wp\/v2\/product_cat?post=976"},{"taxonomy":"product_tag","embeddable":true,"href":"https:\/\/sport-goslar.de\/verein-shop\/wp-json\/wp\/v2\/product_tag?post=976"}],"curies":[{"name":"wp","href":"https:\/\/api.w.org\/{rel}","templated":true}]}}