{"id":678,"date":"2021-02-22T09:12:42","date_gmt":"2021-02-22T08:12:42","guid":{"rendered":"http:\/\/sport-goslar.de\/verein-shop\/?post_type=product&#038;p=678"},"modified":"2021-04-09T15:35:58","modified_gmt":"2021-04-09T13:35:58","slug":"hml-authentic-poly-jersey-kids-l-s","status":"publish","type":"product","link":"https:\/\/sport-goslar.de\/verein-shop\/produkt\/hml-authentic-poly-jersey-kids-l-s\/","title":{"rendered":"HML Authentic Poly Jersey Kids L\/S"},"content":{"rendered":"","protected":false},"excerpt":{"rendered":"<p><strong>Kinder Trikot Authentic\u00a0 <\/strong><strong>1\/1 <\/strong><strong>Arm<\/strong><\/p>\n<p>Das hmlAUTHENTIC POLY JERSEY L\/S f\u00fchlt sich federleicht an und bietet maximale Bel\u00fcftung. Eine klassische Farbgebung kombiniert mit zeitgem\u00e4\u00dfem Design garantiert dir die Aufmerksamkeit auf und neben dem Spielfeld. Kultige Winkel verlaufen \u00fcber den Schultern und ein hummel\u00ae Bumblebee\u00ae Logo ziert die Brust. Kombiniere es mit einer beliebigen Shorts oder Hose aus dem hummel\u00ae AUTHENTIC Sortiment f\u00fcr eine fabelhafte Kombination. Leistungssteigerndes Gewebe, leicht, Maximale Bel\u00fcftung, Klassische Farbgebung, kultige Winkel, Qualit\u00e4t: 100 % Polyester, Art. 204923<\/p>\n<p>Fb 3062 =rot<\/p>\n<p>Fb 4114 = schwarz<\/p>\n<p>Fb 7045 = blau<\/p>\n<p>Gr\u00f6\u00dfe\u00a0 116-176<\/p>\n<p>Lieferzeit: ca 3 &#8211; 10 Tage<\/p>\n<table border=\"1\" cellspacing=\"0\" cellpadding=\"0\">\n<tbody>\n<tr>\n<td><strong>Menge<\/strong><\/td>\n<td><strong>Preis<\/strong><\/td>\n<\/tr>\n<tr>\n<td>1 &#8211; 2<\/td>\n<td>15,99 \u20ac<\/td>\n<\/tr>\n<tr>\n<td>3 &#8211; 15<\/td>\n<td>15,50 \u20ac<\/td>\n<\/tr>\n<tr>\n<td>16-50<\/td>\n<td>14,99<\/td>\n<\/tr>\n<\/tbody>\n<\/table>\n<p>&nbsp;<\/p>\n","protected":false},"featured_media":739,"template":"","meta":[],"product_brand":[],"product_cat":[223,214,222,140,220,225,260,259,142,226,256,286,15],"product_tag":[],"class_list":{"0":"post-678","1":"product","2":"type-product","3":"status-publish","4":"has-post-thumbnail","6":"product_cat-fc-lehrte","7":"product_cat-hummel","8":"product_cat-lehrter-sv","9":"product_cat-mellendorfer-tv","10":"product_cat-mtv-wolfenbuettel","11":"product_cat-trikots-und-tw-hb-hummel","12":"product_cat-trikots-und-tw-hb-wolfenbuettel","13":"product_cat-trikots-und-tw-lehrter-sv","14":"product_cat-trikots-tw-mellendorfer-tv","15":"product_cat-trikots-fb-hummel","16":"product_cat-trikots-fb-wolfenbuettel","17":"product_cat-trikots-fcl","18":"product_cat-vereine","19":"description-off","21":"first","22":"instock","23":"sale","24":"taxable","25":"shipping-taxable","26":"purchasable","27":"product-type-variable"},"_links":{"self":[{"href":"https:\/\/sport-goslar.de\/verein-shop\/wp-json\/wp\/v2\/product\/678","targetHints":{"allow":["GET"]}}],"collection":[{"href":"https:\/\/sport-goslar.de\/verein-shop\/wp-json\/wp\/v2\/product"}],"about":[{"href":"https:\/\/sport-goslar.de\/verein-shop\/wp-json\/wp\/v2\/types\/product"}],"wp:featuredmedia":[{"embeddable":true,"href":"https:\/\/sport-goslar.de\/verein-shop\/wp-json\/wp\/v2\/media\/739"}],"wp:attachment":[{"href":"https:\/\/sport-goslar.de\/verein-shop\/wp-json\/wp\/v2\/media?parent=678"}],"wp:term":[{"taxonomy":"product_brand","embeddable":true,"href":"https:\/\/sport-goslar.de\/verein-shop\/wp-json\/wp\/v2\/product_brand?post=678"},{"taxonomy":"product_cat","embeddable":true,"href":"https:\/\/sport-goslar.de\/verein-shop\/wp-json\/wp\/v2\/product_cat?post=678"},{"taxonomy":"product_tag","embeddable":true,"href":"https:\/\/sport-goslar.de\/verein-shop\/wp-json\/wp\/v2\/product_tag?post=678"}],"curies":[{"name":"wp","href":"https:\/\/api.w.org\/{rel}","templated":true}]}}