{"id":472,"date":"2021-02-19T10:22:39","date_gmt":"2021-02-19T09:22:39","guid":{"rendered":"http:\/\/sport-goslar.de\/verein-shop\/?post_type=product&#038;p=472"},"modified":"2024-03-12T16:19:39","modified_gmt":"2024-03-12T15:19:39","slug":"hml-authentic-poly-zip-hoodie-women","status":"publish","type":"product","link":"https:\/\/sport-goslar.de\/verein-shop\/produkt\/hml-authentic-poly-zip-hoodie-women\/","title":{"rendered":"HML Authentic Poly Zip Hoodie Women"},"content":{"rendered":"<p>Willkommen beim Vereinsshop von Sport Goslar \u2013 dem ultimativen Ort f\u00fcr Vereine und Mannschaften, die den Sport leben und atmen. Hier bei uns gibt es mehr Fu\u00dfball, Handball, Leichtathletik und Volleyball als ihr euch vorstellen k\u00f6nnt. Wir sind eine Truppe von Sportfanatikern, vom Chef bis zum Nachwuchs, und unser Herz schl\u00e4gt im Takt des Sports.<\/p>\n<p>&nbsp;<\/p>\n<p>Gemeinsam wollen wir euren Teamgeist st\u00e4rken und eure Vereinskollektion auf ein neues Level heben. Kontaktiert uns noch heute, um zu erfahren, wie wir euch helfen k\u00f6nnen, euren eigenen Onlineshop zu erstellen und euer Team professionell auszustatten. Lasst uns gemeinsam durchstarten und die Grenzen des Sports sprengen!<\/p>\n<p>&nbsp;<\/p>\n<p><strong>Jetzt Shop einrichten:<\/strong><\/p>\n<p>Lasst uns zusammenkommen und eure individuelle Kollektion f\u00fcr euer Team besprechen. In einem pers\u00f6nlichen Gespr\u00e4ch beraten wir euch, welcher deutsche oder europ\u00e4ische Hersteller am besten zu eurem Verein, eurer Firma oder auch zum Verband passt.<\/p>\n<p>&nbsp;<\/p>\n<p><strong>Bestkonditionen und Gratisware sichern:<\/strong><\/p>\n<p>Wir m\u00f6chten auch euer Team professionell ausstatten und gro\u00dfz\u00fcgig unterst\u00fctzen. Als Ausr\u00fcster von verschiedenen Landesverb\u00e4nden mit insgesamt 283.920 Mitgliedern aus 2.971 angeschlossenen Vereinen haben wir au\u00dferordentlich gute Beziehungen zu sehr interessanten Partnern in der Sportartikelindustrie. Sichert euch jetzt TOP-Konditionen und attraktive Sponsoring-Vereinbarungen.<\/p>\n<p>&nbsp;<\/p>\n<p><strong>Eure Kollektion Online ohne zus\u00e4tzliche Kosten!<\/strong><\/p>\n<p>Keine Sorge, es entstehen keine Kosten f\u00fcr euren Vereinsshop. Wir programmieren den Onlineshop, bef\u00fcllen ihn mit den von euch ausgesuchten Artikeln, hinterlegen die Sonderpreise und \u00fcbernehmen die Pflege.<\/p>\n<p>&nbsp;<\/p>\n<p>D<strong>as \u201eMIA SAN MIA\u201c \u2013 Gef\u00fchl f\u00fcr dein Team!<\/strong><\/p>\n<p>Durch einen einheitlichen, professionellen Auftritt st\u00e4rken wir das WIR-Gef\u00fchl in eurem Team. Ob als Sportverein, Fan, Firma oder Landesverband \u2013 DEIN TEAM, EURE FARBEN!<\/p>\n<p>&nbsp;<\/p>\n<p><strong>Entlastung von Ehrenamtlichen!<\/strong><\/p>\n<p>Jedes Teammitglied kann sich die Artikel einfach und bequem \u00fcber den individuellen Onlineshop bestellen. Die Verantwortlichen in einem Verein oder Team k\u00f6nnen sich ab sofort auf das Wesentliche konzentrieren.<\/p>\n<p>&nbsp;<\/p>\n<p><strong>Pers\u00f6nliche Betreuung!<\/strong><\/p>\n<p>Egal wo der Schuh dr\u00fcckt, euer pers\u00f6nlicher Ansprechpartner ber\u00e4t euch individuell zu allen Fragen von der richtigen Beflockung \u00fcber die Artikelauswahl bis hin zu Lieferterminen oder Sonderanfertigungen.<\/p>\n","protected":false},"excerpt":{"rendered":"<p><strong>Damen Authentic Kapuzenjacke<br \/>\n<\/strong><\/p>\n<p>Aus der HMLAuthentic Teamline mit einer Laufzeit bis 2023. Kuschelige Hummel Kapuzenjacke aus strukturiertem Strickstoff. Vervollst\u00e4ndige dein Outfit mit dem HMLAUTHENTIC POLY ZIP HOODIE aus strukturiertem Polyesterstrick mit einen durchgehenden Frontrei\u00dfverschluss, durch den das Kleidungsst\u00fcck offen oder geschlossen getragen werden kann. Die gro\u00dfe Kapuze dieses Kapuzenpullovers h\u00e4lt dich kuschelig warm, wann immer du es brauchst, und die langen \u00c4rmel sind mit unseren charakteristischen Winkeln aus strukturiertem Webband versehen.. Breite B\u00fcndchen und Saum f\u00fcr zus\u00e4tzlichen Komfort, strapazierf\u00e4hige Qualit\u00e4t aus 100 % Polyester.<br \/>\nArt.204939<\/p>\n<p>UVP 54,95 \u20ac<\/p>\n<p>Fb 2006 =grey melange<\/p>\n<p>Fb 2001=schwarz<\/p>\n<p>Fb 3062=rot<\/p>\n<p>Gr\u00f6\u00dfe\u00a0 XS &#8211; XXL<\/p>\n<p>Lieferzeit: ca 3 &#8211; 10 Tage<\/p>\n<p>&nbsp;<\/p>\n<table border=\"1\" cellspacing=\"0\" cellpadding=\"0\">\n<tbody>\n<tr>\n<td><strong>Menge<\/strong><\/td>\n<td><strong>Preis<\/strong><\/td>\n<\/tr>\n<tr>\n<td>1 &#8211; 4<\/td>\n<td>39,99 \u20ac<\/td>\n<\/tr>\n<tr>\n<td>5 &#8211; 19<\/td>\n<td>37,50 \u20ac<\/td>\n<\/tr>\n<tr>\n<td>20-50<\/td>\n<td>35,99 \u20ac<\/td>\n<\/tr>\n<\/tbody>\n<\/table>\n<p>&nbsp;<\/p>\n","protected":false},"featured_media":478,"template":"","meta":[],"product_brand":[],"product_cat":[223,214,280,261,269,141,290,276,222,140,220,287,15],"product_tag":[],"class_list":{"0":"post-472","1":"product","2":"type-product","3":"status-publish","4":"has-post-thumbnail","6":"product_cat-fc-lehrte","7":"product_cat-hummel","8":"product_cat-jacken-oberteile-lg-fcl","9":"product_cat-jacken-oberteile-lg-hml","10":"product_cat-jacken-oberteile-lg-lsv","11":"product_cat-jacken-oberteile-lg-mellendorfer-tv","12":"product_cat-jacken-oberteile-lg-mtv","13":"product_cat-jacken-oberteile-lsn","14":"product_cat-lehrter-sv","15":"product_cat-mellendorfer-tv","16":"product_cat-mtv-wolfenbuettel","17":"product_cat-tvn-oberteile-trainingsjacken","18":"product_cat-vereine","19":"description-off","21":"first","22":"instock","23":"sale","24":"taxable","25":"shipping-taxable","26":"purchasable","27":"product-type-variable"},"_links":{"self":[{"href":"https:\/\/sport-goslar.de\/verein-shop\/wp-json\/wp\/v2\/product\/472","targetHints":{"allow":["GET"]}}],"collection":[{"href":"https:\/\/sport-goslar.de\/verein-shop\/wp-json\/wp\/v2\/product"}],"about":[{"href":"https:\/\/sport-goslar.de\/verein-shop\/wp-json\/wp\/v2\/types\/product"}],"wp:featuredmedia":[{"embeddable":true,"href":"https:\/\/sport-goslar.de\/verein-shop\/wp-json\/wp\/v2\/media\/478"}],"wp:attachment":[{"href":"https:\/\/sport-goslar.de\/verein-shop\/wp-json\/wp\/v2\/media?parent=472"}],"wp:term":[{"taxonomy":"product_brand","embeddable":true,"href":"https:\/\/sport-goslar.de\/verein-shop\/wp-json\/wp\/v2\/product_brand?post=472"},{"taxonomy":"product_cat","embeddable":true,"href":"https:\/\/sport-goslar.de\/verein-shop\/wp-json\/wp\/v2\/product_cat?post=472"},{"taxonomy":"product_tag","embeddable":true,"href":"https:\/\/sport-goslar.de\/verein-shop\/wp-json\/wp\/v2\/product_tag?post=472"}],"curies":[{"name":"wp","href":"https:\/\/api.w.org\/{rel}","templated":true}]}}