{"id":3775,"date":"2024-01-15T11:03:05","date_gmt":"2024-01-15T10:03:05","guid":{"rendered":"https:\/\/sport-goslar.de\/verein-shop\/?post_type=product&#038;p=3775"},"modified":"2025-01-15T11:14:48","modified_gmt":"2025-01-15T10:14:48","slug":"erima-turnbeutel","status":"publish","type":"product","link":"https:\/\/sport-goslar.de\/verein-shop\/produkt\/erima-turnbeutel\/","title":{"rendered":"Erima Turnbeutel"},"content":{"rendered":"<p><strong>Hallo liebe Mitglieder des MTV Stederdorf und Sportfreunde aus der Umgebung! I<\/strong><\/p>\n<p>ihr m\u00f6chtet eure Mannschaft mit einzigartiger Spielkleidung ausstatten? Dann seid ihr bei Sport Goslar genau richtig! Wir sind die Experten f\u00fcr individuelle Trikots, die ihr nach euren eigenen Vorstellungen gestalten k\u00f6nnt \u2013 inklusive Sponsorenlogos, Vereinswappen und allem Drum und Dran, und das zu unschlagbaren Preisen.<\/p>\n<p>Aber das ist noch nicht alles: Wir stellen f\u00fcr jeden Verein eine ma\u00dfgeschneiderte Vereinskollektion zusammen und bieten sie in einem eigenen Onlineshop an. So k\u00f6nnen eure Mitglieder und Fans aus Orten wie Peine, Dungelbeck, Duttenstedt, Eixe, Essinghausen, Handorf, R\u00f6hrse, Rosenthal, Schmedenstedt, Schwicheldt, V\u00f6hrum, Wendesse, Woltorf, Edemissen, Hohenhameln, Ilsede, Lengede, Vechelde und Wendeburg ganz bequem eure Vereinsartikel online bestellen.<\/p>\n<p>Unser Service umfasst:<br \/>\n<strong>\u2022 Individuelle Trikotgestaltung:<\/strong> Ihr bestimmt das Design, wir setzen es um \u2013 inklusive aller gew\u00fcnschten Logos und Wappen.<br \/>\n<strong>\u2022 Ma\u00dfgeschneiderte Vereinskollektionen:<\/strong> Von Trainingsanz\u00fcgen bis zu Fanartikeln, alles perfekt auf euren Verein abgestimmt.<br \/>\n<strong>\u2022 Eigener Onlineshop:<\/strong> Wir richten f\u00fcr euch einen kostenlosen Shop ein, in dem eure Kollektion rund um die Uhr verf\u00fcgbar ist.<br \/>\n<strong>\u2022 Pers\u00f6nliche Beratung:<\/strong> Unser Team steht euch von der ersten Idee bis zur finalen Umsetzung zur Seite.<\/p>\n<p>Egal, ob ihr aus Stederdorf, Berkum, Dungelbeck oder einem der anderen umliegenden Orte kommt \u2013 wir sind f\u00fcr euch da! Lasst uns gemeinsam euren Verein professionell ausstatten und euren Teamgeist st\u00e4rken. Kontaktiert uns noch heute und erfahrt, wie wir euch unterst\u00fctzen k\u00f6nnen!<\/p>\n","protected":false},"excerpt":{"rendered":"<div class=\"woocommerce-product-details__short-description\">\n<p><strong>Erima Gymbag<\/strong><\/p>\n<p>Ger\u00e4umiger Turnbeutel mit Kordelzug Optimale Veredelungm\u00f6glichkeiten mit eurem Vereinswappen oder Sponsorlogo. Optimale Konstuktion f\u00fcr gr\u00f6\u00dftm\u00f6glichen Stauraum. Moderner Six Wings Print. Praktische Rei\u00dfverschlutasche an der Seite Gr\u00f6\u00dfe 40 x 50 cm, ca 14 Liter<\/p>\n<p>UVP 14,99 \u20ac<\/p>\n<p>&nbsp;<\/p>\n<\/div>\n<p>Lieferzeit: ca 3 \u2013 10 Tage<\/p>\n<table border=\"1\" cellspacing=\"0\" cellpadding=\"0\">\n<tbody>\n<tr>\n<td><strong>Menge<\/strong><\/td>\n<td><strong>Preis<\/strong><\/td>\n<\/tr>\n<tr>\n<td>1 &#8211; 2<\/td>\n<td>9,99 \u20ac<\/td>\n<\/tr>\n<tr>\n<td>3 &#8211; 20<\/td>\n<td>9,50 \u20ac<\/td>\n<\/tr>\n<tr>\n<td>21-50<\/td>\n<td>8,99 \u20ac<\/td>\n<\/tr>\n<\/tbody>\n<\/table>\n<p>&nbsp;<\/p>\n","protected":false},"featured_media":3771,"template":"","meta":[],"product_brand":[],"product_cat":[215,442,380,447,431,432,438,230,15],"product_tag":[],"class_list":{"0":"post-3775","1":"product","2":"type-product","3":"status-publish","4":"has-post-thumbnail","6":"product_cat-erima","7":"product_cat-mtv-stederdorf","8":"product_cat-taschen_rucksaecke_aligse","9":"product_cat-taschen-rucksaecke-mtv-stederdorf","10":"product_cat-taschen-rucksaecke-tus-zetel","11":"product_cat-taschen-rucksaecke-muehlenberger-sv","12":"product_cat-taschen-rucksaecke-sv-friedrichsfehn","13":"product_cat-taschen-rucksaecke-erima","14":"product_cat-vereine","15":"description-off","17":"first","18":"instock","19":"sale","20":"taxable","21":"shipping-taxable","22":"purchasable","23":"product-type-variable"},"_links":{"self":[{"href":"https:\/\/sport-goslar.de\/verein-shop\/wp-json\/wp\/v2\/product\/3775","targetHints":{"allow":["GET"]}}],"collection":[{"href":"https:\/\/sport-goslar.de\/verein-shop\/wp-json\/wp\/v2\/product"}],"about":[{"href":"https:\/\/sport-goslar.de\/verein-shop\/wp-json\/wp\/v2\/types\/product"}],"wp:featuredmedia":[{"embeddable":true,"href":"https:\/\/sport-goslar.de\/verein-shop\/wp-json\/wp\/v2\/media\/3771"}],"wp:attachment":[{"href":"https:\/\/sport-goslar.de\/verein-shop\/wp-json\/wp\/v2\/media?parent=3775"}],"wp:term":[{"taxonomy":"product_brand","embeddable":true,"href":"https:\/\/sport-goslar.de\/verein-shop\/wp-json\/wp\/v2\/product_brand?post=3775"},{"taxonomy":"product_cat","embeddable":true,"href":"https:\/\/sport-goslar.de\/verein-shop\/wp-json\/wp\/v2\/product_cat?post=3775"},{"taxonomy":"product_tag","embeddable":true,"href":"https:\/\/sport-goslar.de\/verein-shop\/wp-json\/wp\/v2\/product_tag?post=3775"}],"curies":[{"name":"wp","href":"https:\/\/api.w.org\/{rel}","templated":true}]}}