{"id":3754,"date":"2025-01-10T17:04:50","date_gmt":"2025-01-10T16:04:50","guid":{"rendered":"https:\/\/sport-goslar.de\/verein-shop\/?post_type=product&#038;p=3754"},"modified":"2025-01-10T17:14:21","modified_gmt":"2025-01-10T16:14:21","slug":"trainingsjacke-kinder-mtv-stederdorf","status":"publish","type":"product","link":"https:\/\/sport-goslar.de\/verein-shop\/produkt\/trainingsjacke-kinder-mtv-stederdorf\/","title":{"rendered":"Trainingsjacke Kinder MTV Stederdorf"},"content":{"rendered":"<p><strong>Onlinshop des <\/strong><strong>MTV Stederdorf\u00a0 <\/strong><\/p>\n<p><strong>Individuell, professionell, einzigartig<\/strong> \u2013 so macht Sport Goslar Vereine stark!<br \/>\nStellt euch vor: Euer Verein l\u00e4uft in Trikots auf, die nicht nur optisch beeindrucken, sondern zu 100 % individuell gestaltet sind. Genau das macht Sport Goslar m\u00f6glich! Wir sind Spezialisten f\u00fcr individuelle Spielbekleidung, bei der Sponsorenlogos, Vereinswappen und Designelemente im Preis inbegriffen sind.<\/p>\n<p>Doch damit nicht genug: Wir bieten auch einen ma\u00dfgeschneiderten Onlineshop f\u00fcr eure Vereinskollektion. Mitglieder und Fans k\u00f6nnen ihre Lieblingsartikel ganz einfach online bestellen \u2013 jederzeit und \u00fcberall.<\/p>\n<p><strong>Warum Sport Goslar?<\/strong><br \/>\n<strong>\u2022 Unvergleichliche Flexibilit\u00e4t: Wir gestalten eure Spielbekleidung nach euren Vorstellungen \u2013 einzigartig wie euer Verein!<\/strong><br \/>\n<strong>\u2022 Perfekter Service: Neben der Bekleidung erstellen wir kostenlos einen Onlineshop f\u00fcr eure Vereinskollektion.<\/strong><br \/>\n<strong>\u2022 Sensationelle Preise: Qualit\u00e4t und Individualit\u00e4t m\u00fcssen nicht teuer sein \u2013 bei uns ist alles inklusive, von Sponsorenlogos bis zum Wappen.<\/strong><\/p>\n<p>Mit Sport Goslar ist euer Verein bestens ausgestattet \u2013 f\u00fcr das Spielfeld, die Fans und dar\u00fcber hinaus. Lasst uns gemeinsam etwas Gro\u00dfes schaffen!<\/p>\n<p>&nbsp;<\/p>\n<p>&nbsp;<\/p>\n","protected":false},"excerpt":{"rendered":"<p><strong>Erima Evo Star Kinder Trainingsjacke inklusive Wappen MTV Stederdorf<br \/>\n<\/strong><\/p>\n<p>Robust und funktionelle Trainingsjacke aus der neuen Erima Teamline Evo Star mit einer Laufzeit bis 2027. Strapazierf\u00e4higes Funktionsmaterial 100% Polyester (recycelt), Raglanschnitt und elastische Eins\u00e4tze f\u00fcr volle Bewegungsfreiheit, Stehkragen mit Kinnschutz , breite Rippb\u00fcndchen an \u00c4rmel und Saum, seitliche verdeckte Rei\u00dfverschlu\u00dftaschen, stylisches Design an den \u00c4rmel mit 3D Effekt, kontrastfarbenes Piping and den \u00c4rmeln, Lieferbar auch in gr\u00f6\u00dfen Gr\u00f6\u00dfen!!! Unisexschnittform<\/p>\n<div class=\"woocommerce-product-details__short-description\">\n<p>Gr\u00f6\u00dfe 116-164 \u00a0\u00a0\u00a0\u00a0\u00a0 UVP inklusive Druck 64,99 Euro<\/p>\n<\/div>\n<p>Da es sich um Sonderanfertigungen handelt die extra noch gedruckt werden m\u00fcssen, betr\u00e4gt je nach Saison die Lieferzeit: ca 3 &#8211; 6 Wochen<\/p>\n<table border=\"1\" cellspacing=\"0\" cellpadding=\"0\">\n<tbody>\n<tr>\n<td><strong>Menge<\/strong><\/td>\n<td><strong>Preis<\/strong><\/td>\n<\/tr>\n<tr>\n<td>\u00a01 &#8211; 2<\/td>\n<td>47,99 \u20ac<\/td>\n<\/tr>\n<tr>\n<td>3 &#8211; 9<\/td>\n<td>39,99 \u20ac<\/td>\n<\/tr>\n<tr>\n<td>10 &#8211; 50<\/td>\n<td>38,99 \u20ac<\/td>\n<\/tr>\n<\/tbody>\n<\/table>\n<p>&nbsp;<\/p>\n<p>Bitte beachtet das es sich bei individualisierten Artikeln die mit Vereinswappen, Namen, Nummern oder Sponsorenlogos versehen sind um Sonderanfertigungen handelt. Diese Artikel k\u00f6nnen leider nicht umgetauscht werden.<\/p>\n","protected":false},"featured_media":3737,"template":"","meta":[],"product_brand":[],"product_cat":[445,442],"product_tag":[],"class_list":{"0":"post-3754","1":"product","2":"type-product","3":"status-publish","4":"has-post-thumbnail","6":"product_cat-kollektion-mtv","7":"product_cat-mtv-stederdorf","8":"description-off","10":"first","11":"instock","12":"sale","13":"taxable","14":"shipping-taxable","15":"purchasable","16":"product-type-variable"},"_links":{"self":[{"href":"https:\/\/sport-goslar.de\/verein-shop\/wp-json\/wp\/v2\/product\/3754","targetHints":{"allow":["GET"]}}],"collection":[{"href":"https:\/\/sport-goslar.de\/verein-shop\/wp-json\/wp\/v2\/product"}],"about":[{"href":"https:\/\/sport-goslar.de\/verein-shop\/wp-json\/wp\/v2\/types\/product"}],"wp:featuredmedia":[{"embeddable":true,"href":"https:\/\/sport-goslar.de\/verein-shop\/wp-json\/wp\/v2\/media\/3737"}],"wp:attachment":[{"href":"https:\/\/sport-goslar.de\/verein-shop\/wp-json\/wp\/v2\/media?parent=3754"}],"wp:term":[{"taxonomy":"product_brand","embeddable":true,"href":"https:\/\/sport-goslar.de\/verein-shop\/wp-json\/wp\/v2\/product_brand?post=3754"},{"taxonomy":"product_cat","embeddable":true,"href":"https:\/\/sport-goslar.de\/verein-shop\/wp-json\/wp\/v2\/product_cat?post=3754"},{"taxonomy":"product_tag","embeddable":true,"href":"https:\/\/sport-goslar.de\/verein-shop\/wp-json\/wp\/v2\/product_tag?post=3754"}],"curies":[{"name":"wp","href":"https:\/\/api.w.org\/{rel}","templated":true}]}}