{"id":3748,"date":"2025-01-10T16:42:24","date_gmt":"2025-01-10T15:42:24","guid":{"rendered":"https:\/\/sport-goslar.de\/verein-shop\/?post_type=product&#038;p=3748"},"modified":"2025-01-10T16:48:49","modified_gmt":"2025-01-10T15:48:49","slug":"kapuzenjacke-kinder-mtv-stederdorf","status":"publish","type":"product","link":"https:\/\/sport-goslar.de\/verein-shop\/produkt\/kapuzenjacke-kinder-mtv-stederdorf\/","title":{"rendered":"Kapuzenjacke Kinder MTV Stederdorf"},"content":{"rendered":"<p><strong>Wie der MTV Stederdorf zum digitalen Vorreiter wurde!<\/strong><\/p>\n<p><strong>Als der MTV Stederdorf sich f\u00fcr einen eigenen Onlineshop entschied<\/strong>, war eines klar: Der Verein wollte mehr als nur ein paar Artikel verkaufen. Ziel war ein modernes Einkaufserlebnis f\u00fcr Mitglieder und Fans, das den Verein repr\u00e4sentiert. Gemeinsam entwickelten wir einen individuellen Shop, der alles bietet \u2013 von Trikots bis zu Fanartikeln.<\/p>\n<p>Heute ist der <strong>MTV Stederdorf<\/strong> stolz auf seinen professionellen Auftritt, der den Teamgeist st\u00e4rkt und Zeit spart. Und jetzt seid ihr dran: Wir erstellen euren Shop \u2013 kostenlos, individuell und passend zu euren Bed\u00fcrfnissen.<\/p>\n<p>Folgt dem Beispiel des <strong>MTV Stederdorf<\/strong> und macht euren Verein fit f\u00fcr die digitale Zukunft!<\/p>\n","protected":false},"excerpt":{"rendered":"<p><strong>Erima Evo Star Kinder Trainingsjacke mit Kapuze inklusive Wappen MTV Stederdorf<br \/>\n<\/strong><\/p>\n<p>l\u00e4ssige Kapuzenjacke im asymmetischem Design aus der neuen Erima Teamline Evo Star. Strapazierf\u00e4higes Funktionsmaterial 100% pflegeleichtes Polyester (recycelt), Raglanschnitt und elastische Eins\u00e4tze f\u00fcr volle Bewegungsfreiheit, hoher Kragen mit Kapuze und Kordelzug, breite Rippb\u00fcndchen an \u00c4rmel und Saum, seitliche verdeckte Rei\u00dfverschlu\u00dftaschen, stylisches Design an den \u00c4rmel mit 3D Effekt, kontrastfarbenes Piping and den \u00c4rmeln.<\/p>\n<div class=\"woocommerce-product-details__short-description\">\n<p>Gr\u00f6\u00dfe 116-164 \u00a0\u00a0\u00a0\u00a0\u00a0 UVP inklusive Druck 74,99 Euro<\/p>\n<\/div>\n<p>Da es sich um Sonderanfertigungen handelt die extra noch gedruckt werden m\u00fcssen, betr\u00e4gt je nach Saison die Lieferzeit: ca 3 &#8211; 6 Wochen<\/p>\n<table border=\"1\" cellspacing=\"0\" cellpadding=\"0\">\n<tbody>\n<tr>\n<td><strong>Menge<\/strong><\/td>\n<td><strong>Preis<\/strong><\/td>\n<\/tr>\n<tr>\n<td>\u00a01 &#8211; 2<\/td>\n<td>54,99 \u20ac<\/td>\n<\/tr>\n<tr>\n<td>3 &#8211; 9<\/td>\n<td>46,99 \u20ac<\/td>\n<\/tr>\n<tr>\n<td>10 &#8211; 50<\/td>\n<td>45,50 \u20ac<\/td>\n<\/tr>\n<\/tbody>\n<\/table>\n<p>&nbsp;<\/p>\n<p>Bitte beachtet das es sich bei individualisierten Artikeln die mit Vereinswappen, Namen, Nummern oder Sponsorenlogos versehen sind um Sonderanfertigungen handelt. Diese Artikel k\u00f6nnen leider nicht umgetauscht werden.<\/p>\n","protected":false},"featured_media":3739,"template":"","meta":[],"product_brand":[],"product_cat":[445,442],"product_tag":[],"class_list":{"0":"post-3748","1":"product","2":"type-product","3":"status-publish","4":"has-post-thumbnail","6":"product_cat-kollektion-mtv","7":"product_cat-mtv-stederdorf","8":"description-off","10":"first","11":"instock","12":"sale","13":"taxable","14":"shipping-taxable","15":"purchasable","16":"product-type-variable"},"_links":{"self":[{"href":"https:\/\/sport-goslar.de\/verein-shop\/wp-json\/wp\/v2\/product\/3748","targetHints":{"allow":["GET"]}}],"collection":[{"href":"https:\/\/sport-goslar.de\/verein-shop\/wp-json\/wp\/v2\/product"}],"about":[{"href":"https:\/\/sport-goslar.de\/verein-shop\/wp-json\/wp\/v2\/types\/product"}],"wp:featuredmedia":[{"embeddable":true,"href":"https:\/\/sport-goslar.de\/verein-shop\/wp-json\/wp\/v2\/media\/3739"}],"wp:attachment":[{"href":"https:\/\/sport-goslar.de\/verein-shop\/wp-json\/wp\/v2\/media?parent=3748"}],"wp:term":[{"taxonomy":"product_brand","embeddable":true,"href":"https:\/\/sport-goslar.de\/verein-shop\/wp-json\/wp\/v2\/product_brand?post=3748"},{"taxonomy":"product_cat","embeddable":true,"href":"https:\/\/sport-goslar.de\/verein-shop\/wp-json\/wp\/v2\/product_cat?post=3748"},{"taxonomy":"product_tag","embeddable":true,"href":"https:\/\/sport-goslar.de\/verein-shop\/wp-json\/wp\/v2\/product_tag?post=3748"}],"curies":[{"name":"wp","href":"https:\/\/api.w.org\/{rel}","templated":true}]}}