{"id":328,"date":"2021-02-18T12:07:09","date_gmt":"2021-02-18T11:07:09","guid":{"rendered":"http:\/\/sport-goslar.de\/verein-shop\/?post_type=product&#038;p=328"},"modified":"2024-03-13T11:55:30","modified_gmt":"2024-03-13T10:55:30","slug":"hml-old-school-small-towel","status":"publish","type":"product","link":"https:\/\/sport-goslar.de\/verein-shop\/produkt\/hml-old-school-small-towel\/","title":{"rendered":"HML Old School Small Towel"},"content":{"rendered":"<p>Hallo Sportfreunde, habt ihr schon unsere neue Plattform f\u00fcr den Triathlon Verband Niedersachsen und den Landesschwimmverband Niedersachsen besucht?<\/p>\n<p>Wir freuen uns, euch die M\u00f6glichkeit zu bieten, eure Schwimm- und Triathlon-Ausr\u00fcstung bequem online zu kaufen! Und das Beste daran?<\/p>\n<p>Unser Shop kann nicht nur f\u00fcr Niedersachsen angepasst werden, sondern auch f\u00fcr andere Schwimm- und Triathlon-Verb\u00e4nde!<\/p>\n<p>Kontaktiert uns heute noch und lasst uns euren eigenen Online-Shop erstellen, damit ihr bestens f\u00fcr eure n\u00e4chsten Wettk\u00e4mpfe ger\u00fcstet seid.<\/p>\n","protected":false},"excerpt":{"rendered":"<p><strong>HML Handtuch klein<br \/>\n<\/strong><\/p>\n<p>Das HUMMEL Small TOWEL ist ein hummel\u00ae Klassiker mit Logo und Winkeln und eignet sich perfekt f\u00fcr Workouts, Handballtraining oder Urlaub. 100 % Baumwolle, Frotteestoff, Jacquard-Strickhandtuch mit Logo und Winkeln, L: 100 x B: 50 cm. Art. 208804<\/p>\n<p>Fb 2001 =schwarz\/schwarz<\/p>\n<p>Gr\u00f6\u00dfe\u00a0 S<\/p>\n<p>UVP 24,99 \u20ac<\/p>\n<p>Lieferzeit: ca 3 &#8211; 10 Tage<\/p>\n<table border=\"1\" cellspacing=\"0\" cellpadding=\"0\">\n<tbody>\n<tr>\n<td><strong>Menge<\/strong><\/td>\n<td><strong>Preis<\/strong><\/td>\n<\/tr>\n<tr>\n<td>1 &#8211; 4<\/td>\n<td>18,99 \u20ac<\/td>\n<\/tr>\n<tr>\n<td>5 &#8211; 9<\/td>\n<td>15,99 \u20ac<\/td>\n<\/tr>\n<tr>\n<td>10-20<\/td>\n<td>13,99 \u20ac<\/td>\n<\/tr>\n<\/tbody>\n<\/table>\n<p>&nbsp;<\/p>\n","protected":false},"featured_media":327,"template":"","meta":[],"product_brand":[],"product_cat":[223,255,227,299,257,147,249,252,214,222,219,140,220,15],"product_tag":[],"class_list":{"0":"post-328","1":"product","2":"type-product","3":"status-publish","4":"has-post-thumbnail","6":"product_cat-fc-lehrte","7":"product_cat-handtuecher-badepantoletten-fcl","8":"product_cat-handtuecher-badepantoletten-hml","9":"product_cat-handtuecher-badepantoletten-lsn","10":"product_cat-handtuecher-badepantoletten-lsv","11":"product_cat-handtuecher-badepantoletten-mellendorfer-tv","12":"product_cat-handtuecher-und-badepantoletten-mtv","13":"product_cat-handtuecher-badepantoletten-tvn","14":"product_cat-hummel","15":"product_cat-lehrter-sv","16":"product_cat-lsn-shop","17":"product_cat-mellendorfer-tv","18":"product_cat-mtv-wolfenbuettel","19":"product_cat-vereine","20":"description-off","22":"first","23":"instock","24":"sale","25":"taxable","26":"shipping-taxable","27":"purchasable","28":"product-type-variable"},"_links":{"self":[{"href":"https:\/\/sport-goslar.de\/verein-shop\/wp-json\/wp\/v2\/product\/328","targetHints":{"allow":["GET"]}}],"collection":[{"href":"https:\/\/sport-goslar.de\/verein-shop\/wp-json\/wp\/v2\/product"}],"about":[{"href":"https:\/\/sport-goslar.de\/verein-shop\/wp-json\/wp\/v2\/types\/product"}],"wp:featuredmedia":[{"embeddable":true,"href":"https:\/\/sport-goslar.de\/verein-shop\/wp-json\/wp\/v2\/media\/327"}],"wp:attachment":[{"href":"https:\/\/sport-goslar.de\/verein-shop\/wp-json\/wp\/v2\/media?parent=328"}],"wp:term":[{"taxonomy":"product_brand","embeddable":true,"href":"https:\/\/sport-goslar.de\/verein-shop\/wp-json\/wp\/v2\/product_brand?post=328"},{"taxonomy":"product_cat","embeddable":true,"href":"https:\/\/sport-goslar.de\/verein-shop\/wp-json\/wp\/v2\/product_cat?post=328"},{"taxonomy":"product_tag","embeddable":true,"href":"https:\/\/sport-goslar.de\/verein-shop\/wp-json\/wp\/v2\/product_tag?post=328"}],"curies":[{"name":"wp","href":"https:\/\/api.w.org\/{rel}","templated":true}]}}