{"id":2993,"date":"2024-01-16T11:39:11","date_gmt":"2024-01-16T10:39:11","guid":{"rendered":"https:\/\/sport-goslar.de\/verein-shop\/?post_type=product&#038;p=2993"},"modified":"2025-01-08T17:13:54","modified_gmt":"2025-01-08T16:13:54","slug":"erima-racing-lauftight-lang-herren","status":"publish","type":"product","link":"https:\/\/sport-goslar.de\/verein-shop\/produkt\/erima-racing-lauftight-lang-herren\/","title":{"rendered":"Erima Racing Lauftight lang Herren"},"content":{"rendered":"<p>Hey Leichtathletik-Enthusiasten und <strong>Mitglieder des nieders\u00e4chsischen Leichtathletikverbandes<\/strong>!<\/p>\n<p>Habt ihr schon unseren neuen Onlineshop entdeckt? Hier k\u00f6nnt ihr eure Vereinskollektionen online pr\u00e4sentieren und die besten Produkte f\u00fcr euer Team sichern. Aber wisst ihr was? Das gilt nicht nur f\u00fcr euch \u2013 wir m\u00f6chten auch anderen Leichtathletikvereinen die Chance geben, einen individuellen Shop zu bekommen!<\/p>\n<p>Unser Team steht bereit, um euch bei der Erstellung eures eigenen Onlineshops zu unterst\u00fctzen. Gemeinsam besprechen wir, welche Produkte am besten zu euch passen und k\u00fcmmern uns dann um den Rest. Und das Beste daran? Es entstehen keine zus\u00e4tzlichen Kosten f\u00fcr euren Verband! Egal, ob ihr dem nieders\u00e4chsischen Leichtathletikverband angeh\u00f6rt oder einem anderen Verband, wir sind hier, um euch alle zu unterst\u00fctzen und sicherzustellen, dass ihr euer Team mit Stolz repr\u00e4sentieren k\u00f6nnt.<\/p>\n<p>Dank unserer starken Partnerschaften in der Sportartikelindustrie k\u00f6nnen wir euch erstklassige Konditionen und attraktive Sponsoring-Vereinbarungen bieten. Lasst uns gemeinsam euren Teamgeist st\u00e4rken und eure Vereinskollektionen auf ein neues Level bringen! Kontaktiert uns noch heute, um mehr \u00fcber die Erstellung eures eigenen Onlineshops zu erfahren.<\/p>\n<p>&nbsp;<\/p>\n<p>Wir freuen uns darauf, von euch zu h\u00f6ren und gemeinsam mit euch durchzustarten!<\/p>\n","protected":false},"excerpt":{"rendered":"<div class=\"woocommerce-product-details__short-description\">\n<p><strong>Erima Race Line 2.0 Tight lang f\u00fcr Herren<\/strong><br \/>\nLange Laufhose f\u00fcr k\u00fchlere Tage aus der neuen Erima Race Line. Weiches und elastisches Funktionsmaterial, Flachn\u00e4hte, reflektierende Elemente an den Seiten, Rei\u00dfverschlu\u00df am Saum, Breiter Bund mit integriertem Gummiban und Kordel f\u00fcr optimalen Halt, Rei\u00dfverschlu\u00dftasche am R\u00fcckenteil. Lieferbar als Unisex- oder Damenschnitt<\/p>\n<p>Gr\u00f6\u00dfe S bis XXXL UVP 59,99<\/p>\n<\/div>\n<p>&nbsp;<\/p>\n<p>Lieferzeit: ca 3 &#8211; 10 Tage<\/p>\n<table border=\"1\" cellspacing=\"0\" cellpadding=\"0\">\n<tbody>\n<tr>\n<td><strong>Menge<\/strong><\/td>\n<td><strong>Preis<\/strong><\/td>\n<\/tr>\n<tr>\n<td>\u00a01 &#8211; 4<\/td>\n<td>39,99 \u20ac<\/td>\n<\/tr>\n<tr>\n<td>5 &#8211; 19<\/td>\n<td>37,99 \u20ac<\/td>\n<\/tr>\n<tr>\n<td>20 &#8211; 50<\/td>\n<td>36,99 \u20ac<\/td>\n<\/tr>\n<\/tbody>\n<\/table>\n<p>&nbsp;<\/p>\n","protected":false},"featured_media":3013,"template":"","meta":[],"product_brand":[],"product_cat":[215,443,434,418,412,409,442,411,232,433,440,417,15],"product_tag":[],"class_list":{"0":"post-2993","1":"product","2":"type-product","3":"status-publish","4":"has-post-thumbnail","6":"product_cat-erima","7":"product_cat-hosen-tights-mtv-stederdorf","8":"product_cat-hosen-tights","9":"product_cat-hosen-shirts-tus-zetel","10":"product_cat-hosen-shirts","11":"product_cat-leichtathletik-verband","12":"product_cat-mtv-stederdorf","13":"product_cat-muehlenberger-sv","14":"product_cat-short-und-hosen-erima","15":"product_cat-sv-friedrichsfehn","16":"product_cat-tights-hosen","17":"product_cat-tus-zetel","18":"product_cat-vereine","19":"description-off","21":"first","22":"instock","23":"sale","24":"taxable","25":"shipping-taxable","26":"purchasable","27":"product-type-variable"},"_links":{"self":[{"href":"https:\/\/sport-goslar.de\/verein-shop\/wp-json\/wp\/v2\/product\/2993","targetHints":{"allow":["GET"]}}],"collection":[{"href":"https:\/\/sport-goslar.de\/verein-shop\/wp-json\/wp\/v2\/product"}],"about":[{"href":"https:\/\/sport-goslar.de\/verein-shop\/wp-json\/wp\/v2\/types\/product"}],"wp:featuredmedia":[{"embeddable":true,"href":"https:\/\/sport-goslar.de\/verein-shop\/wp-json\/wp\/v2\/media\/3013"}],"wp:attachment":[{"href":"https:\/\/sport-goslar.de\/verein-shop\/wp-json\/wp\/v2\/media?parent=2993"}],"wp:term":[{"taxonomy":"product_brand","embeddable":true,"href":"https:\/\/sport-goslar.de\/verein-shop\/wp-json\/wp\/v2\/product_brand?post=2993"},{"taxonomy":"product_cat","embeddable":true,"href":"https:\/\/sport-goslar.de\/verein-shop\/wp-json\/wp\/v2\/product_cat?post=2993"},{"taxonomy":"product_tag","embeddable":true,"href":"https:\/\/sport-goslar.de\/verein-shop\/wp-json\/wp\/v2\/product_tag?post=2993"}],"curies":[{"name":"wp","href":"https:\/\/api.w.org\/{rel}","templated":true}]}}