{"id":2614,"date":"2023-03-23T22:07:53","date_gmt":"2023-03-23T21:07:53","guid":{"rendered":"https:\/\/sport-goslar.de\/verein-shop\/?post_type=product&#038;p=2614"},"modified":"2024-03-13T10:37:31","modified_gmt":"2024-03-13T09:37:31","slug":"beco-bebell-groesse-s-paar","status":"publish","type":"product","link":"https:\/\/sport-goslar.de\/verein-shop\/produkt\/beco-bebell-groesse-s-paar\/","title":{"rendered":"BECO BEbell Gr\u00f6\u00dfe S (Paar)"},"content":{"rendered":"<p><strong>Willkommen im Onlineshop des Landes Schwimmverband Niedersachsen<\/strong> \u2013 dein Ziel f\u00fcr hochwertige Schwimmausr\u00fcstung und mehr! Tauche ein in unser breites Sortiment, das speziell f\u00fcr Schwimmvereine, Wasserballer, Turmspringer, Synchronschwimmer und viele weitere Wassersportler zusammengestellt wurde.<\/p>\n<p>&nbsp;<\/p>\n<p>Bei uns findest du eine Vielzahl von erstklassigen Artikeln, die deine Leidenschaft f\u00fcr den Wassersport unterst\u00fctzen und deine Performance im Becken auf ein neues Level heben. Und besonders stolz sind wir auf unsere umfangreiche Auswahl an BECO Artikeln \u2013 die perfekte Wahl f\u00fcr jeden, der das Beste aus seinem Training und seinen Wettk\u00e4mpfen herausholen m\u00f6chte.<\/p>\n<p>&nbsp;<\/p>\n<p>Aber das ist noch nicht alles! Wir bieten nicht nur hochwertige Produkte an, sondern k\u00f6nnen auch spezielle Onlineshops f\u00fcr jeden Verein individuell programmieren. Hier kannst du deine eigene Vereinskollektion erwerben und anbieten \u2013 perfekt, um den Teamgeist zu st\u00e4rken und ein einheitliches Auftreten zu gew\u00e4hrleisten.<\/p>\n<p>&nbsp;<\/p>\n<p>Also lasst uns gemeinsam euren Teamgeist st\u00e4rken und eure Vereinskollektion auf ein neues Level heben. Kontaktiert uns noch heute und erfahrt, wie wir euch helfen k\u00f6nnen, euren eigenen Onlineshop zu erstellen und euer Team professionell auszustatten. Wir freuen uns darauf, von euch zu h\u00f6ren und gemeinsam mit euch durchzustarten!<\/p>\n<p>&nbsp;<\/p>\n<p>Jetzt Shop einrichten:<\/p>\n<p>Zusammen besprechen wir mit euch die individuelle Kollektion f\u00fcr euer Team. In einem pers\u00f6nlichen Gespr\u00e4ch beraten wir euch, welcher deutsche oder europ\u00e4ische Hersteller am besten zu eurem Verein, der Firma oder auch zum Verband passt.<\/p>\n<p>&nbsp;<\/p>\n<p>Bestkonditionen und Gratisware sichern:<\/p>\n<p>Wir m\u00f6chten auch dein Team professionell ausstatten und gro\u00dfz\u00fcgig unterst\u00fctzen. Als Ausr\u00fcster von verschiedenen Landesverb\u00e4nden mit insgesamt 283.920 Mitgliedern aus 2.971 angeschlossenen Vereinen haben wir au\u00dferordentlich gute Beziehungen zu sehr interessanten Partnern in der Sportartikelindustrie. Sichert euch jetzt TOP-Konditionen und attraktive Sponsoring-Vereinbarungen.<\/p>\n<p>&nbsp;<\/p>\n<p>Eure Kollektion Online ohne zus\u00e4tzliche Kosten!<\/p>\n<p>Es entstehen keine Kosten f\u00fcr euren Vereinsshop. Wir programmieren den Onlineshop und bef\u00fcllen ihn mit den von euch ausgesuchten Artikeln, hinterlegen die Sonderpreise und \u00fcbernehmen die Pflege.<\/p>\n<p>&nbsp;<\/p>\n<p>Das \u201eMIA SAN MIA\u201c \u2013 Gef\u00fchl f\u00fcr dein Team!<\/p>\n<p>Durch einen einheitlichen, professionellen Auftritt st\u00e4rken wir das WIR-Gef\u00fchl in eurem Team. Ob als Sportverein, Fan, Firma oder Landesverband \u2013 DEIN TEAM, EURE FARBEN!<\/p>\n<p>&nbsp;<\/p>\n<p>Entlastung von Ehrenamtlichen!<\/p>\n<p>Jedes Teammitglied kann sich die Artikel einfach und bequem \u00fcber den individuellen Onlineshop bestellen. Die Verantwortlichen in einem Verein oder Team k\u00f6nnen sich ab sofort auf das Wesentliche konzentrieren.<\/p>\n<p>&nbsp;<\/p>\n<p>Pers\u00f6nliche Betreuung!<\/p>\n<p>Egal wo der Schuh dr\u00fcckt, dein pers\u00f6nlicher Ansprechpartner ber\u00e4t euch individuell zu allen Fragen von der richtigen Beflockung \u00fcber die Artikelauswahl bis hin zu Lieferterminen oder Sonderanfertigungen.<\/p>\n<p>&nbsp;<\/p>\n<p>Unser kompetentes Team freut sich auf Eure Anfrage<\/p>\n<p>&nbsp;<\/p>\n","protected":false},"excerpt":{"rendered":"<p><strong>BECO BEbell Gr\u00f6\u00dfe S (Paar)<\/strong><\/p>\n<p>BEbell ist die Hantel f\u00fcr das Training von Schulter-,<br \/>\nArm- und Rumpfmuskulatur im Wasser. Die Auftriebs-<br \/>\nund Widerstandseingenschaften dieses revolution\u00e4ren<br \/>\nGer\u00e4tes erm\u00f6glichen optimales Workout in drei Dimensionen.<br \/>\nDer ergonomisch geformte Griff liegt perfekt in der Hand<br \/>\nund der Schild erh\u00f6ht den Wasserwiderstand. BEbell ist aus<br \/>\neinem einzigen St\u00fcck gefertigt. Bei dieser Unibodytechnologie<br \/>\ngibt es keine losen Teile, was die Hantel noch robuster und<br \/>\nlanglebiger macht.<br \/>\nPaarweise verpackt.<\/p>\n<p>Einsatzbereiche<br \/>\n-Aquatic Fitness<br \/>\nTrainingsziel<br \/>\n-Koordination<br \/>\n-Gleichgewicht<br \/>\n-Kraft-Ausdauer<br \/>\n-Beweglichkeit<br \/>\nAuftrieb<br \/>\n-Mittel\/Hoch<\/p>\n<p>Widerstand<br \/>\n-Flexibel<br \/>\nWassertiefe<br \/>\n-Tiefwasser<br \/>\n-Flachwasser<\/p>\n<p>Ma\u00dfe: 14 cm x 21 cm, Gewicht Set: 110 gr<br \/>\nAuftriebskraft Set: 1.190 gr<br \/>\nMaterial: EPP<br \/>\nEPP hat eine sehr geringe Dichte und nimmt kaum Wasser auf, dadurch hat die BEbell einen hohen Auftrieb im Wasser.<\/p>\n<p>1 Paar Artikelnummer: 9628<br \/>\nFarbe: blau<\/p>\n<p>UVP: 26,95 \u20ac<\/p>\n<p>Lieferzeit: ca 4 &#8211; 10 Tage<\/p>\n<p>&nbsp;<\/p>\n<table border=\"1\" cellspacing=\"0\" cellpadding=\"0\">\n<tbody>\n<tr>\n<td><strong>Menge<br \/>\n<\/strong><\/td>\n<td style=\"text-align: center;\"><strong>Preis<\/strong><\/td>\n<\/tr>\n<tr>\n<td>1 &#8211; 4<\/td>\n<td style=\"text-align: center;\">24,99 \u20ac<\/td>\n<\/tr>\n<tr>\n<td>5 -20<\/td>\n<td style=\"text-align: center;\">21,50 \u20ac<\/td>\n<\/tr>\n<tr>\n<td style=\"text-align: center;\">21-100<\/td>\n<td>Preis auf Anfrage \u20ac<\/td>\n<\/tr>\n<\/tbody>\n<\/table>\n<p>&nbsp;<\/p>\n","protected":false},"featured_media":2616,"template":"","meta":[],"product_brand":[],"product_cat":[402,219],"product_tag":[],"class_list":{"0":"post-2614","1":"product","2":"type-product","3":"status-publish","4":"has-post-thumbnail","6":"product_cat-beco-aquafitness","7":"product_cat-lsn-shop","8":"description-off","10":"first","11":"instock","12":"sale","13":"taxable","14":"shipping-taxable","15":"purchasable","16":"product-type-variable"},"_links":{"self":[{"href":"https:\/\/sport-goslar.de\/verein-shop\/wp-json\/wp\/v2\/product\/2614","targetHints":{"allow":["GET"]}}],"collection":[{"href":"https:\/\/sport-goslar.de\/verein-shop\/wp-json\/wp\/v2\/product"}],"about":[{"href":"https:\/\/sport-goslar.de\/verein-shop\/wp-json\/wp\/v2\/types\/product"}],"wp:featuredmedia":[{"embeddable":true,"href":"https:\/\/sport-goslar.de\/verein-shop\/wp-json\/wp\/v2\/media\/2616"}],"wp:attachment":[{"href":"https:\/\/sport-goslar.de\/verein-shop\/wp-json\/wp\/v2\/media?parent=2614"}],"wp:term":[{"taxonomy":"product_brand","embeddable":true,"href":"https:\/\/sport-goslar.de\/verein-shop\/wp-json\/wp\/v2\/product_brand?post=2614"},{"taxonomy":"product_cat","embeddable":true,"href":"https:\/\/sport-goslar.de\/verein-shop\/wp-json\/wp\/v2\/product_cat?post=2614"},{"taxonomy":"product_tag","embeddable":true,"href":"https:\/\/sport-goslar.de\/verein-shop\/wp-json\/wp\/v2\/product_tag?post=2614"}],"curies":[{"name":"wp","href":"https:\/\/api.w.org\/{rel}","templated":true}]}}