{"id":2611,"date":"2023-03-23T22:00:33","date_gmt":"2023-03-23T21:00:33","guid":{"rendered":"https:\/\/sport-goslar.de\/verein-shop\/?post_type=product&#038;p=2611"},"modified":"2024-03-13T11:10:28","modified_gmt":"2024-03-13T10:10:28","slug":"beco-beinschwimmer-paar","status":"publish","type":"product","link":"https:\/\/sport-goslar.de\/verein-shop\/produkt\/beco-beinschwimmer-paar\/","title":{"rendered":"BECO Beinschwimmer (Paar)"},"content":{"rendered":"<p>Willkommen in unserem Onlineshop f\u00fcr den Landes Schwimmverband Niedersachsen, dem Experten f\u00fcr hochwertige Schwimmausr\u00fcstung! Hier findest du eine umfangreiche Auswahl an Produkten, darunter auch eine Vielzahl von <strong>BECO Artikeln<\/strong>, die dein Schwimmtraining auf ein ganz neues Level heben.<\/p>\n<p>&nbsp;<\/p>\n<p>Unser Sortiment umfasst eine breite Palette an hochwertigen Schwimmprodukten, darunter:<\/p>\n<p>&nbsp;<\/p>\n<p>&#8211; BECO Sealife Neopren Shorty: Der ideale Begleiter f\u00fcr ein komfortables und flexibles Schwimmtraining.<\/p>\n<p>&#8211; BECO Sealife Schwimmg\u00fcrtel: Ein unverzichtbares Hilfsmittel f\u00fcr Anf\u00e4nger und Fortgeschrittene, um die richtige Wasserlage zu finden.<\/p>\n<p>&#8211; BECO Schwimmbrille: Hochwertige Schwimmbrillen, die perfekten Sitz und klare Sicht im Wasser bieten.<\/p>\n<p>&#8211; BECO Sealife Kickboard: Ein effektives Trainingsger\u00e4t f\u00fcr verbesserte Beintechnik und Ausdauer.<\/p>\n<p>&#8211; BECO Sealife Tauchring: Spa\u00dfiges Spielzeug f\u00fcr Kinder, um das Tauchen zu \u00fcben und die Wasserbewegung zu erleben.<\/p>\n<p>&#8211; BECO Sealife Tauchtier: Bunte und lustige Tauchspielzeuge, die Kinder zum Tauchen animieren und ihre Schwimmf\u00e4higkeiten verbessern.<\/p>\n<p>&nbsp;<\/p>\n<p>Alle diese Artikel sind direkt hier in unserem <strong>Onlineshop des Landes Schwimmverband Niedersachsen<\/strong> erh\u00e4ltlich. Wir bieten hochwertige Produkte zu fairen Preisen und garantieren dir ein sicheres und effektives Trainingserlebnis.<\/p>\n<p>&nbsp;<\/p>\n<p>Also, worauf wartest du noch? Tauche ein in unser Sortiment und bestelle noch heute deine neuen Schwimmprodukte!<\/p>\n<p>&nbsp;<\/p>\n","protected":false},"excerpt":{"rendered":"<p><strong>BECO Beinschwimmer<\/strong><\/p>\n<p>Beinschwimmer sind Auftriebsger\u00e4te f\u00fcr Aqua Fitness und das Schwimmtraining.<br \/>\nSie eignen sich sowohl f\u00fcr tiefes als auch f\u00fcr flaches Wasser. In Kombination mit Ger\u00e4ten f\u00fcr die Arme ergibt sich ein optimales Ganzk\u00f6rpertraining.&#8220;<\/p>\n<p>Aus PE-Schaum, 100% Polyethylen<br \/>\nL\u00e4nge 18 cm<br \/>\nBreite Klettverschl\u00fcsse f\u00fcr angenehmen Tragekomfort und Halt.<\/p>\n<p>1 Paar Artikelnummer: 9618<br \/>\nGr\u00f6\u00dfe M, Farbe: blau<\/p>\n<p>UVP: 34,95 \u20ac<\/p>\n<p>Lieferzeit: ca 4 &#8211; 10 Tage<\/p>\n<p>&nbsp;<\/p>\n<table border=\"1\" cellspacing=\"0\" cellpadding=\"0\">\n<tbody>\n<tr>\n<td><strong>Menge<br \/>\n<\/strong><\/td>\n<td style=\"text-align: center;\"><strong>Preis<\/strong><\/td>\n<\/tr>\n<tr>\n<td>1 &#8211; 4<\/td>\n<td style=\"text-align: center;\">32,99 \u20ac<\/td>\n<\/tr>\n<tr>\n<td>5 -20<\/td>\n<td style=\"text-align: center;\">21,99 \u20ac<\/td>\n<\/tr>\n<tr>\n<td style=\"text-align: center;\">21-100<\/td>\n<td>Preis auf Anfrage \u20ac<\/td>\n<\/tr>\n<\/tbody>\n<\/table>\n<p>&nbsp;<\/p>\n","protected":false},"featured_media":2613,"template":"","meta":[],"product_brand":[],"product_cat":[402,219],"product_tag":[],"class_list":{"0":"post-2611","1":"product","2":"type-product","3":"status-publish","4":"has-post-thumbnail","6":"product_cat-beco-aquafitness","7":"product_cat-lsn-shop","8":"description-off","10":"first","11":"instock","12":"sale","13":"taxable","14":"shipping-taxable","15":"purchasable","16":"product-type-variable"},"_links":{"self":[{"href":"https:\/\/sport-goslar.de\/verein-shop\/wp-json\/wp\/v2\/product\/2611","targetHints":{"allow":["GET"]}}],"collection":[{"href":"https:\/\/sport-goslar.de\/verein-shop\/wp-json\/wp\/v2\/product"}],"about":[{"href":"https:\/\/sport-goslar.de\/verein-shop\/wp-json\/wp\/v2\/types\/product"}],"wp:featuredmedia":[{"embeddable":true,"href":"https:\/\/sport-goslar.de\/verein-shop\/wp-json\/wp\/v2\/media\/2613"}],"wp:attachment":[{"href":"https:\/\/sport-goslar.de\/verein-shop\/wp-json\/wp\/v2\/media?parent=2611"}],"wp:term":[{"taxonomy":"product_brand","embeddable":true,"href":"https:\/\/sport-goslar.de\/verein-shop\/wp-json\/wp\/v2\/product_brand?post=2611"},{"taxonomy":"product_cat","embeddable":true,"href":"https:\/\/sport-goslar.de\/verein-shop\/wp-json\/wp\/v2\/product_cat?post=2611"},{"taxonomy":"product_tag","embeddable":true,"href":"https:\/\/sport-goslar.de\/verein-shop\/wp-json\/wp\/v2\/product_tag?post=2611"}],"curies":[{"name":"wp","href":"https:\/\/api.w.org\/{rel}","templated":true}]}}