{"id":2127,"date":"2022-02-18T00:30:32","date_gmt":"2022-02-17T23:30:32","guid":{"rendered":"https:\/\/sport-goslar.de\/verein-shop\/?post_type=product&#038;p=2127"},"modified":"2023-07-18T13:02:42","modified_gmt":"2023-07-18T11:02:42","slug":"kinder-trikot-champ-2-0-mit-vereinwappen","status":"publish","type":"product","link":"https:\/\/sport-goslar.de\/verein-shop\/produkt\/kinder-trikot-champ-2-0-mit-vereinwappen\/","title":{"rendered":"Kinder Trikot Champ 2.0 mit Vereinwappen"},"content":{"rendered":"<p>Bitte beachtet das es sich bei individualisierten Artikeln die mit Namen, Nummern oder Sponsorenlogos versehen sind um Sonderanfertigungen handelt. Diese Artikel k\u00f6nnen leider nicht umgetauscht werden.<\/p>\n","protected":false},"excerpt":{"rendered":"<div class=\"woocommerce-product-details__short-description\">\n<div class=\"woocommerce-product-details__short-description\">\n<p><strong>Kinder Trikot Champ 2.0\u00a0 mit eurem Vereinewappen auf der Brust<br \/>\n<\/strong><\/p>\n<p>Funktionelles Trikot aus Polyester Interlock mit einer Laufzeit bis 2023. Sportives Design zu einem super Preis- Leistungsverh\u00e4ltnis, Extra breites \u00c4rmel-Rippb\u00fcndchen f\u00fcr optimalen Halt, V-Neck mit Ripp, passt ideal zur neuen Jako Short Manschester 2.0 (Sonderpreis Erw. ab 9,99 Kinder ab 8,99 \u20ac) und dem Torwarttrikot Tropicana. Sehr sch\u00f6n kombinierbar mit der neuen Jako Teamsportserie Classico die aus einer Vielzahl von sehr funktionellen Teilen wie z.B. Pr\u00e4sentationsjacke , Kapuzenjacke, Polyjacke, ZipTop, Polo, Sweat oder T-Shirt besteht.<\/p>\n<p>Sehr gern beraten wir euch auch \u00fcber den optimalen Siebdruck mit Nummern, Vereinsnamen, oder Sponsorenlogos.<\/p>\n<p>Gr\u00f6\u00dfe 116-164 UVP 19,99 Euro + Druckkosten<\/p>\n<\/div>\n<\/div>\n<p>Lieferzeit: ca 2 &#8211; 4 Wochen<\/p>\n<table border=\"1\" cellspacing=\"0\" cellpadding=\"0\">\n<tbody>\n<tr>\n<td><strong>Menge<\/strong><\/td>\n<td><strong>Preis<\/strong><\/td>\n<\/tr>\n<tr>\n<td>1 &#8211; 2<\/td>\n<td>\u00a022,99 \u20ac<\/td>\n<\/tr>\n<tr>\n<td>3 &#8211; 9<\/td>\n<td>\u00a018,99 \u20ac<\/td>\n<\/tr>\n<tr>\n<td>10-50<\/td>\n<td>\u00a017,99 \u20ac<\/td>\n<\/tr>\n<\/tbody>\n<\/table>\n<p>&nbsp;<\/p>\n","protected":false},"featured_media":2125,"template":"","meta":[],"product_brand":[],"product_cat":[351,355],"product_tag":[],"class_list":{"0":"post-2127","1":"product","2":"type-product","3":"status-publish","4":"has-post-thumbnail","6":"product_cat-jacken-oberteile-tsv-eintracht-essinghausen","7":"product_cat-trikots-shirts-tsv-eintracht-essinghausen","8":"description-off","10":"first","11":"instock","12":"sale","13":"taxable","14":"shipping-taxable","15":"purchasable","16":"product-type-variable"},"_links":{"self":[{"href":"https:\/\/sport-goslar.de\/verein-shop\/wp-json\/wp\/v2\/product\/2127","targetHints":{"allow":["GET"]}}],"collection":[{"href":"https:\/\/sport-goslar.de\/verein-shop\/wp-json\/wp\/v2\/product"}],"about":[{"href":"https:\/\/sport-goslar.de\/verein-shop\/wp-json\/wp\/v2\/types\/product"}],"wp:featuredmedia":[{"embeddable":true,"href":"https:\/\/sport-goslar.de\/verein-shop\/wp-json\/wp\/v2\/media\/2125"}],"wp:attachment":[{"href":"https:\/\/sport-goslar.de\/verein-shop\/wp-json\/wp\/v2\/media?parent=2127"}],"wp:term":[{"taxonomy":"product_brand","embeddable":true,"href":"https:\/\/sport-goslar.de\/verein-shop\/wp-json\/wp\/v2\/product_brand?post=2127"},{"taxonomy":"product_cat","embeddable":true,"href":"https:\/\/sport-goslar.de\/verein-shop\/wp-json\/wp\/v2\/product_cat?post=2127"},{"taxonomy":"product_tag","embeddable":true,"href":"https:\/\/sport-goslar.de\/verein-shop\/wp-json\/wp\/v2\/product_tag?post=2127"}],"curies":[{"name":"wp","href":"https:\/\/api.w.org\/{rel}","templated":true}]}}