{"id":2101,"date":"2021-02-19T17:27:53","date_gmt":"2021-02-19T16:27:53","guid":{"rendered":"https:\/\/sport-goslar.de\/verein-shop\/?post_type=product&#038;p=2101"},"modified":"2025-01-09T10:45:51","modified_gmt":"2025-01-09T09:45:51","slug":"fitnessmatte-nbr-proffessionall","status":"publish","type":"product","link":"https:\/\/sport-goslar.de\/verein-shop\/produkt\/fitnessmatte-nbr-proffessionall\/","title":{"rendered":"Fitnessmatte NBR Proffessionall"},"content":{"rendered":"<p>Hallo Trainer, Athleten und Sportfans!<\/p>\n<p>Habt ihr schon unseren brandneuen Vereins-Onlineshop f\u00fcr die inidviduelle Vereinskollektion entdeckt? Wir sind \u00fcberaus begeistert, euch die M\u00f6glichkeit zu bieten, eure Vereinskollektionen online zu pr\u00e4sentieren und die besten Produkte f\u00fcr eure Mannschaft zu sichern.<\/p>\n<p>Doch das ist noch l\u00e4ngst nicht alles \u2013 wir m\u00f6chten auch anderen Vereinen und Verb\u00e4nden die Chance geben, einen individuellen Shop zu erhalten! Unser erfahrenes Team steht bereit, um eurem Team individuell zu beraten und den perfekten Onlineshop zu gestalten.<\/p>\n<p>&nbsp;<\/p>\n<p>&nbsp;<\/p>\n<p><strong>Jetzt Shop einrichten:<\/strong><\/p>\n<p>Gemeinsam besprechen wir mit euch die individuelle Kollektion f\u00fcr euer Team. In pers\u00f6nlichen Gespr\u00e4chen beraten wir euch, welcher deutsche oder europ\u00e4ische Hersteller am besten zu eurem Verein passt.<\/p>\n<p>&nbsp;<\/p>\n<p><strong>Bestkonditionen und Gratisware sichern:<\/strong><\/p>\n<p>Profitiert von unseren erstklassigen Konditionen und attraktiven Sponsoring-Vereinbarungen. Als Ausr\u00fcster verschiedener Landesverb\u00e4nde mit einer gro\u00dfen Mitgliederzahl haben wir exzellente Beziehungen zu spannenden Partnern in der Sportartikelindustrie.<\/p>\n<p>&nbsp;<\/p>\n<p><strong>Eure Kollektion online ohne zus\u00e4tzliche Kosten:<\/strong><\/p>\n<p>Bei uns entstehen keine Kosten f\u00fcr euren Teamshop. Wir programmieren den Onlineshop, bef\u00fcllen ihn mit den von euch ausgesuchten Artikeln, hinterlegen die Sonderpreise und \u00fcbernehmen die Pflege.<\/p>\n<p>&nbsp;<\/p>\n<p><strong>Das &#8222;MIA SAN MIA&#8220; \u2013 Gef\u00fchl f\u00fcr euer Team:<\/strong><\/p>\n<p>Ein einheitlicher, professioneller Auftritt st\u00e4rkt das Wir-Gef\u00fchl in eurem Team. Ob als Schwimmverband oder Fan \u2013 euer Team, eure Farben!<\/p>\n<p>&nbsp;<\/p>\n<p><strong>Entlastung von Ehrenamtlichen:<\/strong><\/p>\n<p>Jedes Teammitglied kann sich die Artikel einfach und bequem \u00fcber den individuellen Onlineshop bestellen. Die Verantwortlichen im Verband k\u00f6nnen sich ab sofort auf das Wesentliche konzentrieren.<\/p>\n<p>&nbsp;<\/p>\n<p><strong>Pers\u00f6nliche Betreuung:<\/strong><\/p>\n<p>Egal wo der Schuh dr\u00fcckt \u2013 euer pers\u00f6nlicher Ansprechpartner steht euch individuell zur Seite, von der richtigen Beflockung \u00fcber die Artikelauswahl bis hin zu Lieferterminen oder Sonderanfertigungen.<\/p>\n<p>&nbsp;<\/p>\n<p>Ich freue mich auf Euren Anruf!<\/p>\n<p>Sven Goslar<\/p>\n<p>&nbsp;<\/p>\n<p>&nbsp;<\/p>\n<p>&nbsp;<\/p>\n<p>&nbsp;<\/p>\n<p>&nbsp;<\/p>\n","protected":false},"excerpt":{"rendered":"<div class=\"woocommerce-product-details__short-description\"><strong>Sportmatte NBR<\/strong><\/div>\n<div class=\"woocommerce-product-details__short-description\">Die Sportmatte NBR f\u00fcr Ihr pers\u00f6nliches Workout punktet durch weichen Komfort, f\u00fcr den elastischer und sto\u00dfabsorbierender NBR-Schaum sorgt. Die Sportmatte besitzt zudem eine Wellenpr\u00e4gung auf der Oberseite, um Ihnen bei allen Trainings-, Gymnastik- und Yoga\u00fcbungen besseren Halt zu geben. Elastische und sto\u00dfabsorbierende Fitnessmatte. <strong>Eine Matte die sich beim ausrolle sofort glatt auf den Boden legt ohne Wellen zu schlage und einen au\u00dfergew\u00f6hnlichen Komfort bietet.<\/strong> Inklusive Tragegurt. 1,5 cm dick.Sie ist verf\u00fcgt mit folgenden Abmessungen:<br \/>\n183 x 58 cm<\/div>\n<div class=\"woocommerce-product-details__short-description\">\n<p>VK 35,99 Euro<\/p>\n<\/div>\n<p>Lieferzeit: ca 3 &#8211; 10 Tage<\/p>\n<table border=\"1\" cellspacing=\"0\" cellpadding=\"0\">\n<tbody>\n<tr>\n<td><strong>Menge<\/strong><\/td>\n<td><strong>Preis<\/strong><\/td>\n<\/tr>\n<tr>\n<td>1 &#8211; 2<\/td>\n<td>35,99 \u20ac<\/td>\n<\/tr>\n<tr>\n<td>3 &#8211; 9<\/td>\n<td>25,99 \u20ac<\/td>\n<\/tr>\n<tr>\n<td>10-50<\/td>\n<td>22,99 \u20ac<\/td>\n<\/tr>\n<\/tbody>\n<\/table>\n<p>&nbsp;<\/p>\n","protected":false},"featured_media":2105,"template":"","meta":[],"product_brand":[],"product_cat":[411,437,354,446,373,415,390,421,345,400,381,233,283,264,246,279,272,148,293,417],"product_tag":[],"class_list":{"0":"post-2101","1":"product","2":"type-product","3":"status-publish","4":"has-post-thumbnail","6":"product_cat-muehlenberger-sv","7":"product_cat-trainingsbedarf-sv-friedrichsfehn","8":"product_cat-trainingsbedarf-tsv-eintracht-essinghausen","9":"product_cat-trainingsbedarf-mtv-stederdorf","10":"product_cat-trainingsbedarf-stederdorf","11":"product_cat-trainingsbedarf-muehlenberger-sv","12":"product_cat-trainingsbedarf","13":"product_cat-trainingsbedarf-tus-zetel","14":"product_cat-trainingsbedarf-sv-yurdumspor-88-lehrte","15":"product_cat-trainingsbedarf-tkj-sarstedt","16":"product_cat-trainingsbedarf_zubehoer_aligse","17":"product_cat-trainingsbedarf-erima","18":"product_cat-trainingsbedarf-fcl","19":"product_cat-trainingsbedarf-hml","20":"product_cat-trainingsbedarf-jako","21":"product_cat-trainingsbedarf-lsn","22":"product_cat-trainingsbedarf-lsv","23":"product_cat-trainingsbedarf-mellendorfer-tv","24":"product_cat-trainingsbedarf-mtv-wolfenbuettel","25":"product_cat-tus-zetel","26":"description-off","28":"first","29":"instock","30":"taxable","31":"shipping-taxable","32":"purchasable","33":"product-type-variable"},"_links":{"self":[{"href":"https:\/\/sport-goslar.de\/verein-shop\/wp-json\/wp\/v2\/product\/2101","targetHints":{"allow":["GET"]}}],"collection":[{"href":"https:\/\/sport-goslar.de\/verein-shop\/wp-json\/wp\/v2\/product"}],"about":[{"href":"https:\/\/sport-goslar.de\/verein-shop\/wp-json\/wp\/v2\/types\/product"}],"wp:featuredmedia":[{"embeddable":true,"href":"https:\/\/sport-goslar.de\/verein-shop\/wp-json\/wp\/v2\/media\/2105"}],"wp:attachment":[{"href":"https:\/\/sport-goslar.de\/verein-shop\/wp-json\/wp\/v2\/media?parent=2101"}],"wp:term":[{"taxonomy":"product_brand","embeddable":true,"href":"https:\/\/sport-goslar.de\/verein-shop\/wp-json\/wp\/v2\/product_brand?post=2101"},{"taxonomy":"product_cat","embeddable":true,"href":"https:\/\/sport-goslar.de\/verein-shop\/wp-json\/wp\/v2\/product_cat?post=2101"},{"taxonomy":"product_tag","embeddable":true,"href":"https:\/\/sport-goslar.de\/verein-shop\/wp-json\/wp\/v2\/product_tag?post=2101"}],"curies":[{"name":"wp","href":"https:\/\/api.w.org\/{rel}","templated":true}]}}