{"id":2093,"date":"2022-02-11T12:02:42","date_gmt":"2022-02-11T11:02:42","guid":{"rendered":"https:\/\/sport-goslar.de\/verein-shop\/?post_type=product&#038;p=2093"},"modified":"2023-02-28T20:28:46","modified_gmt":"2023-02-28T19:28:46","slug":"jako-tasche-classico-groesse-s","status":"publish","type":"product","link":"https:\/\/sport-goslar.de\/verein-shop\/produkt\/jako-tasche-classico-groesse-s\/","title":{"rendered":"Jako Tasche CLASSICO Gr\u00f6\u00dfe S"},"content":{"rendered":"","protected":false},"excerpt":{"rendered":"<p><strong>Jako Sporttasche CLASSICO Bambini in f\u00fcnf verschiedenen Farben.<\/strong><br \/>\nDer der Allesk\u00f6nner f\u00fcr den Sport. Ger\u00e4umiges Hauptfach mit umlaufendem 2 &#8211; Wege &#8211; Rei\u00dfverschluss garantiert, dass die Tasche einfach zu \u00f6ffnen, packen und wieder zu schlie\u00dfen ist. Die Meshbag auf der linken Seite bietet zus\u00e4tzlichen Stauraum, der gr\u00f6\u00dfenverstellbare Schultertragegurt macht sie praktisch zu tragen. Die Tasche l\u00e4sst sich hervorragend mit individuellen Prints bedrucken &#8211; zum Beispiel einem Vereinslogo. Das Fertigungsmaterial Polyester 600D ist langlebig und h\u00e4lt selbst gro\u00dfen Belastungen beim Sport stand. An den Seiten der Tasche sind das JAKO Logo und der Schriftzug JAKO angebracht. Gr\u00f6\u00dfe: 38 x 21 x 28 cm (LxBxH)<br \/>\nUVP 24,99 Euro<\/p>\n<p>Lieferzeit: ca 3 &#8211; 10 Tage<\/p>\n<table border=\"1\" cellspacing=\"0\" cellpadding=\"0\">\n<tbody>\n<tr>\n<td><strong>Menge<\/strong><\/td>\n<td><strong>Preis<\/strong><\/td>\n<\/tr>\n<tr>\n<td>1 &#8211; 4<\/td>\n<td>19,99 \u20ac<\/td>\n<\/tr>\n<tr>\n<td>5 &#8211; 9<\/td>\n<td>15,99 \u20ac<\/td>\n<\/tr>\n<tr>\n<td>10-20<\/td>\n<td>14,99 \u20ac<\/td>\n<\/tr>\n<\/tbody>\n<\/table>\n<p>&nbsp;<\/p>\n","protected":false},"featured_media":2089,"template":"","meta":[],"product_brand":[],"product_cat":[216,353,372,389,344,244],"product_tag":[],"class_list":{"0":"post-2093","1":"product","2":"type-product","3":"status-publish","4":"has-post-thumbnail","6":"product_cat-jako","7":"product_cat-taschen-rucksaecke-tsv-eintracht-essinghausen","8":"product_cat-taschen-rucksaecke-ssv-stederdorf","9":"product_cat-taschen-rucksaecke","10":"product_cat-taschen-rucksaecke-sv-yurdumspor-88-lehrte","11":"product_cat-taschen-rucksaecke-jako","12":"description-off","14":"first","15":"instock","16":"sale","17":"taxable","18":"shipping-taxable","19":"purchasable","20":"product-type-variable"},"_links":{"self":[{"href":"https:\/\/sport-goslar.de\/verein-shop\/wp-json\/wp\/v2\/product\/2093","targetHints":{"allow":["GET"]}}],"collection":[{"href":"https:\/\/sport-goslar.de\/verein-shop\/wp-json\/wp\/v2\/product"}],"about":[{"href":"https:\/\/sport-goslar.de\/verein-shop\/wp-json\/wp\/v2\/types\/product"}],"wp:featuredmedia":[{"embeddable":true,"href":"https:\/\/sport-goslar.de\/verein-shop\/wp-json\/wp\/v2\/media\/2089"}],"wp:attachment":[{"href":"https:\/\/sport-goslar.de\/verein-shop\/wp-json\/wp\/v2\/media?parent=2093"}],"wp:term":[{"taxonomy":"product_brand","embeddable":true,"href":"https:\/\/sport-goslar.de\/verein-shop\/wp-json\/wp\/v2\/product_brand?post=2093"},{"taxonomy":"product_cat","embeddable":true,"href":"https:\/\/sport-goslar.de\/verein-shop\/wp-json\/wp\/v2\/product_cat?post=2093"},{"taxonomy":"product_tag","embeddable":true,"href":"https:\/\/sport-goslar.de\/verein-shop\/wp-json\/wp\/v2\/product_tag?post=2093"}],"curies":[{"name":"wp","href":"https:\/\/api.w.org\/{rel}","templated":true}]}}