{"id":1986,"date":"2022-02-10T12:47:05","date_gmt":"2022-02-10T11:47:05","guid":{"rendered":"https:\/\/sport-goslar.de\/verein-shop\/?post_type=product&#038;p=1986"},"modified":"2023-02-28T20:36:51","modified_gmt":"2023-02-28T19:36:51","slug":"jako-short-manchester-2-0","status":"publish","type":"product","link":"https:\/\/sport-goslar.de\/verein-shop\/produkt\/jako-short-manchester-2-0\/","title":{"rendered":"Jako Short Manchester 2.0"},"content":{"rendered":"","protected":false},"excerpt":{"rendered":"<p><strong>JAKO Sporthose Manchester 2.0<br \/>\n<\/strong><\/p>\n<p>Jako Short f\u00fcr alle Mannschaften von der Kreisklasse bis in die Champions League, vom Freizeitl\u00e4ufer bis zum Fu\u00dfballprofi und vom Bambini bis zum Senior. Das Modell MANCHESTER 2.0 ist das Nachfolgemodell eines echten Klassikers, der Sporthose MANCHESTER. Ohne Innenslip und aus funktionalem Polyester unterst\u00fctzt die Short den Feuchtigkeitstransport vom K\u00f6rper weg und garantiert ein angenehmes Tragegef\u00fchl. Durch ihr vielf\u00e4ltig kombinierbares Design mit dem JAKO Logo auf dem linken Hosenbein passt die JAKO Sporthose MANCHESTER zu jedem Outfit und kann vielseitig kombiniert werden. Sie ist in den Gr\u00f6\u00dfen S \u2013 3XL f\u00fcr Herren, 34\/36 bis 42\/44 f\u00fcr Damen und 104 bis 164 f\u00fcr Kinder erh\u00e4ltlich. Mit dieser Sportbekleidung bist Du auf dem Platz und in der Freizeit optimal ausger\u00fcstet.<\/p>\n<p>&nbsp;<\/p>\n<p>Gr\u00f6\u00dfe\u00a0 S &#8211; 4XL<\/p>\n<p>Lieferzeit: ca 5 &#8211; 10 Tage<\/p>\n<table border=\"1\" cellspacing=\"0\" cellpadding=\"0\">\n<tbody>\n<tr>\n<td><strong>Menge<\/strong><\/td>\n<td><strong>Preis<\/strong><\/td>\n<\/tr>\n<tr>\n<td>1 &#8211; 2<\/td>\n<td>\u00a012,99 \u20ac<\/td>\n<\/tr>\n<tr>\n<td>3 &#8211; 9<\/td>\n<td>\u00a010,99 \u20ac<\/td>\n<\/tr>\n<tr>\n<td>10-50<\/td>\n<td>\u00a0 9,99 \u20ac<\/td>\n<\/tr>\n<\/tbody>\n<\/table>\n<p>&nbsp;<\/p>\n","protected":false},"featured_media":1994,"template":"","meta":[],"product_brand":[],"product_cat":[352,371,388,343,242],"product_tag":[],"class_list":{"0":"post-1986","1":"product","2":"type-product","3":"status-publish","4":"has-post-thumbnail","6":"product_cat-short-hosen-tsv-eintracht-essinghausen","7":"product_cat-short-hosen-ssv-stederdorf","8":"product_cat-short-hosen","9":"product_cat-short-hosen-sv-yurdumspor-88-lehrte","10":"product_cat-short-und-hosen-jako","11":"description-off","13":"first","14":"instock","15":"sale","16":"taxable","17":"shipping-taxable","18":"purchasable","19":"product-type-variable"},"_links":{"self":[{"href":"https:\/\/sport-goslar.de\/verein-shop\/wp-json\/wp\/v2\/product\/1986","targetHints":{"allow":["GET"]}}],"collection":[{"href":"https:\/\/sport-goslar.de\/verein-shop\/wp-json\/wp\/v2\/product"}],"about":[{"href":"https:\/\/sport-goslar.de\/verein-shop\/wp-json\/wp\/v2\/types\/product"}],"wp:featuredmedia":[{"embeddable":true,"href":"https:\/\/sport-goslar.de\/verein-shop\/wp-json\/wp\/v2\/media\/1994"}],"wp:attachment":[{"href":"https:\/\/sport-goslar.de\/verein-shop\/wp-json\/wp\/v2\/media?parent=1986"}],"wp:term":[{"taxonomy":"product_brand","embeddable":true,"href":"https:\/\/sport-goslar.de\/verein-shop\/wp-json\/wp\/v2\/product_brand?post=1986"},{"taxonomy":"product_cat","embeddable":true,"href":"https:\/\/sport-goslar.de\/verein-shop\/wp-json\/wp\/v2\/product_cat?post=1986"},{"taxonomy":"product_tag","embeddable":true,"href":"https:\/\/sport-goslar.de\/verein-shop\/wp-json\/wp\/v2\/product_tag?post=1986"}],"curies":[{"name":"wp","href":"https:\/\/api.w.org\/{rel}","templated":true}]}}