{"id":1962,"date":"2022-02-09T16:52:53","date_gmt":"2022-02-09T15:52:53","guid":{"rendered":"https:\/\/sport-goslar.de\/verein-shop\/?post_type=product&#038;p=1962"},"modified":"2022-02-17T17:30:52","modified_gmt":"2022-02-17T16:30:52","slug":"trikot-challenge-fuer-kinder","status":"publish","type":"product","link":"https:\/\/sport-goslar.de\/verein-shop\/produkt\/trikot-challenge-fuer-kinder\/","title":{"rendered":"Trikot Challenge f\u00fcr Kinder"},"content":{"rendered":"","protected":false},"excerpt":{"rendered":"<div class=\"woocommerce-product-details__short-description\">\n<p><strong>Jako Trikot Challenge<\/strong><\/p>\n<div class=\"woocommerce-product-details__short-description\">\n<p>Jako Teamline Challenge 2.0 ist eine klassische Teamline im typischen JAKO Design. Auf dem Trikot mit Rundhalskragen der Linie ist der charakteristische Streifen in Kombination mit den JAKO Dots im \u00c4rmel- und Schulterbereich zu sehen. Das Oberteil ist aus Polyester \u2013 Interlock gefertigt, schnelltrocknend und pflegeleicht. Die JAKO Funktion KEEP DRY unterst\u00fctzt den Feuchtigkeitstransport durch das Textilmaterial hindurch nach au\u00dfen. Das R\u00fcckenteil besteht aus einem Einsatz aus Micro \u2013 Mesh platziert, das die Sportbekleidung noch atmungsaktiver macht. Das Jako Trikot Challenge ist erh\u00e4ltlich in sechzehn Farbvarianten. Erwachsene tragen die Gr\u00f6\u00dfen S \u2013 3XL, Kinder 116 \u2013 164 und Frauen den Damenschnitt von 34 \u2013 44. Kombiniere diese Spielkleidung mit den passenden Artikeln und stelle so den individuellen Trikotsatz f\u00fcr deine Mannschaft zusammen. Erh\u00e4ltliche Farben: sportgr\u00fcn\/schwarz und schwarz\/wei\u00df<\/p>\n<\/div>\n<\/div>\n<p>UVP 24,99<\/p>\n<p>Lieferzeit: ca 5 &#8211; 10 Tage<\/p>\n<table border=\"1\" cellspacing=\"0\" cellpadding=\"0\">\n<tbody>\n<tr>\n<td><strong>Menge<\/strong><\/td>\n<td><strong>Preis<\/strong><\/td>\n<\/tr>\n<tr>\n<td>1 &#8211; 2<\/td>\n<td>\u00a0 19,99 \u20ac<\/td>\n<\/tr>\n<tr>\n<td>3 &#8211; 9<\/td>\n<td>\u00a0 15,99 \u20ac<\/td>\n<\/tr>\n<tr>\n<td>10-50<\/td>\n<td>\u00a0 14,99 \u20ac<\/td>\n<\/tr>\n<\/tbody>\n<\/table>\n<p>&nbsp;<\/p>\n","protected":false},"featured_media":1960,"template":"","meta":[],"product_brand":[],"product_cat":[370,374,247],"product_tag":[],"class_list":{"0":"post-1962","1":"product","2":"type-product","3":"status-publish","4":"has-post-thumbnail","6":"product_cat-jacken-oberteile-stederdorf","7":"product_cat-trikots-shirts-ssv-stederdorf","8":"product_cat-trikots-jako","9":"description-off","11":"first","12":"instock","13":"sale","14":"taxable","15":"shipping-taxable","16":"purchasable","17":"product-type-variable"},"_links":{"self":[{"href":"https:\/\/sport-goslar.de\/verein-shop\/wp-json\/wp\/v2\/product\/1962","targetHints":{"allow":["GET"]}}],"collection":[{"href":"https:\/\/sport-goslar.de\/verein-shop\/wp-json\/wp\/v2\/product"}],"about":[{"href":"https:\/\/sport-goslar.de\/verein-shop\/wp-json\/wp\/v2\/types\/product"}],"wp:featuredmedia":[{"embeddable":true,"href":"https:\/\/sport-goslar.de\/verein-shop\/wp-json\/wp\/v2\/media\/1960"}],"wp:attachment":[{"href":"https:\/\/sport-goslar.de\/verein-shop\/wp-json\/wp\/v2\/media?parent=1962"}],"wp:term":[{"taxonomy":"product_brand","embeddable":true,"href":"https:\/\/sport-goslar.de\/verein-shop\/wp-json\/wp\/v2\/product_brand?post=1962"},{"taxonomy":"product_cat","embeddable":true,"href":"https:\/\/sport-goslar.de\/verein-shop\/wp-json\/wp\/v2\/product_cat?post=1962"},{"taxonomy":"product_tag","embeddable":true,"href":"https:\/\/sport-goslar.de\/verein-shop\/wp-json\/wp\/v2\/product_tag?post=1962"}],"curies":[{"name":"wp","href":"https:\/\/api.w.org\/{rel}","templated":true}]}}