{"id":1833,"date":"2022-02-09T17:16:47","date_gmt":"2022-02-09T16:16:47","guid":{"rendered":"https:\/\/sport-goslar.de\/verein-shop\/?post_type=product&#038;p=1833"},"modified":"2022-02-17T17:34:45","modified_gmt":"2022-02-17T16:34:45","slug":"ssv-damen-polo-challenge-inklusive-vereinswappen","status":"publish","type":"product","link":"https:\/\/sport-goslar.de\/verein-shop\/produkt\/ssv-damen-polo-challenge-inklusive-vereinswappen\/","title":{"rendered":"SSV Damen Polo Challenge inklusive Vereinswappen"},"content":{"rendered":"<p>Bitte beachtet das es sich bei individualisierten Artikeln die mit Namen, Nummern oder Sponsorenlogos versehen sind um Sonderanfertigungen handelt. Diese Artikel k\u00f6nnen leider nicht umgetauscht werden.<\/p>\n","protected":false},"excerpt":{"rendered":"<p><strong>Jako Polo Challenge mit Vereinwappen auf der Brust<br \/>\n<\/strong><\/p>\n<p>Klassisch, hochwertig und im Stile deines Teams gekleidet bist Du mit dem Polo der Teamline Challenge. Taillierter Damenschnitt! Diese Sportbekleidung ist unifarben gestaltet und im Nackenbereich mit den JAKO Dots ausgestattet. Auf dem \u00c4rmel ist das JAKO Logo zu sehen. Der Polo-Kragen verleiht dem Style seinen typischen Look. Die gro\u00dfen Freifl\u00e4chen auf dem R\u00fccken und der Vorderseite machen das Oberteil zum optimalen Begleiter f\u00fcr Vereine, denn es bietet ausreichend Platz f\u00fcr das Vereinslogo, den Sponsor oder Spielernamen. Das Polo ist aus bequemem Polyester-Stretch-Jersey gefertigt und auch als taillierten Damenschnitt verf\u00fcgbar.<\/p>\n<p>Gr\u00f6\u00dfe S-4XL UVP 44,99 \u20ac + Druckkosten<\/p>\n<p>&nbsp;<\/p>\n<p>Fb 503 = schwarz meliert \/sportgr\u00fcn<\/p>\n<p>Gr\u00f6\u00dfe\u00a0 34 &#8211; 44<\/p>\n<p>Lieferzeit: ca 2 &#8211; 4 Wochen<\/p>\n<table border=\"1\" cellspacing=\"0\" cellpadding=\"0\">\n<tbody>\n<tr>\n<td><strong>Menge<\/strong><\/td>\n<td><strong>Preis<\/strong><\/td>\n<\/tr>\n<tr>\n<td>1 &#8211;\u00a0 4<\/td>\n<td>38,99 \u20ac<\/td>\n<\/tr>\n<tr>\n<td>5 &#8211;\u00a0 9<\/td>\n<td>35,99<\/td>\n<\/tr>\n<tr>\n<td>10-50<\/td>\n<td>32,99 \u20ac<\/td>\n<\/tr>\n<\/tbody>\n<\/table>\n<p>&nbsp;<\/p>\n","protected":false},"featured_media":1822,"template":"","meta":[],"product_brand":[],"product_cat":[370,374,15],"product_tag":[],"class_list":{"0":"post-1833","1":"product","2":"type-product","3":"status-publish","4":"has-post-thumbnail","6":"product_cat-jacken-oberteile-stederdorf","7":"product_cat-trikots-shirts-ssv-stederdorf","8":"product_cat-vereine","9":"description-off","11":"first","12":"instock","13":"sale","14":"taxable","15":"shipping-taxable","16":"purchasable","17":"product-type-variable"},"_links":{"self":[{"href":"https:\/\/sport-goslar.de\/verein-shop\/wp-json\/wp\/v2\/product\/1833","targetHints":{"allow":["GET"]}}],"collection":[{"href":"https:\/\/sport-goslar.de\/verein-shop\/wp-json\/wp\/v2\/product"}],"about":[{"href":"https:\/\/sport-goslar.de\/verein-shop\/wp-json\/wp\/v2\/types\/product"}],"wp:featuredmedia":[{"embeddable":true,"href":"https:\/\/sport-goslar.de\/verein-shop\/wp-json\/wp\/v2\/media\/1822"}],"wp:attachment":[{"href":"https:\/\/sport-goslar.de\/verein-shop\/wp-json\/wp\/v2\/media?parent=1833"}],"wp:term":[{"taxonomy":"product_brand","embeddable":true,"href":"https:\/\/sport-goslar.de\/verein-shop\/wp-json\/wp\/v2\/product_brand?post=1833"},{"taxonomy":"product_cat","embeddable":true,"href":"https:\/\/sport-goslar.de\/verein-shop\/wp-json\/wp\/v2\/product_cat?post=1833"},{"taxonomy":"product_tag","embeddable":true,"href":"https:\/\/sport-goslar.de\/verein-shop\/wp-json\/wp\/v2\/product_tag?post=1833"}],"curies":[{"name":"wp","href":"https:\/\/api.w.org\/{rel}","templated":true}]}}