{"id":1677,"date":"2021-04-08T09:14:40","date_gmt":"2021-04-08T07:14:40","guid":{"rendered":"https:\/\/sport-goslar.de\/verein-shop\/?post_type=product&#038;p=1677"},"modified":"2024-03-13T15:19:11","modified_gmt":"2024-03-13T14:19:11","slug":"herren-cotton-hoodie-lsn-trainerteam","status":"publish","type":"product","link":"https:\/\/sport-goslar.de\/verein-shop\/produkt\/herren-cotton-hoodie-lsn-trainerteam\/","title":{"rendered":"Herren Cotton Hoodie LSN Trainerteam"},"content":{"rendered":"<p>Hallo Kaderathleten und Mitglieder des Landesschwimmverband Niedersachsen!<\/p>\n<p>Wir haben gro\u00dfartige Neuigkeiten f\u00fcr euch: Unser nagelneuer Onlineshop ist endlich da und bietet euch die M\u00f6glichkeit, eure Vereinskollektionen online zu pr\u00e4sentieren und die besten Produkte f\u00fcr euer Schwimmteam zu ergattern.<\/p>\n<p>Unser besonderes Angebot richtet sich auch an die <strong>Kaderathleten des Landes Schwimmverbandes Niedersachsen<\/strong>. Hier k\u00f6nnen sie ihre offizielle Bekleidung zu einem tollen Preis online bestellen und sich so optimal f\u00fcr Trainingseinheiten und Wettk\u00e4mpfe ausstatten.<\/p>\n<p>Aber das ist noch nicht alles \u2013 auch andere Verb\u00e4nde k\u00f6nnen von unserem Service profitieren und ihre eigenen individuellen Shops erstellen! Unser Team steht bereit, um euch dabei zu unterst\u00fctzen und den perfekten Vereins-Onlineshop zu gestalten. Und das Beste daran? Es entstehen keine zus\u00e4tzlichen Kosten f\u00fcr euren Verband! Egal ob ihr zum Landesverband Niedersachsen geh\u00f6rt oder einem anderen Verband angeh\u00f6rt, wir unterst\u00fctzen euch alle gleicherma\u00dfen und helfen euch dabei, euer Team mit Stolz zu repr\u00e4sentieren!<\/p>\n<p>Dank unserer engen Beziehungen zu f\u00fchrenden Partnern in der Sportartikelindustrie k\u00f6nnen wir euch erstklassige Konditionen und attraktive Sponsoring-Vereinbarungen bieten. Also worauf wartet ihr noch? Kontaktiert uns noch heute und erfahrt, wie wir euch helfen k\u00f6nnen, euren eigenen Onlineshop zu erstellen und euer Team professionell auszustatten!<\/p>\n<p>Bestelle noch heute deine offizielle Bekleidung und zeige deine Verbundenheit mit dem Landeskader Niedersachsen. Wir freuen uns darauf, dich mit hochwertiger Schwimmausr\u00fcstung zu unterst\u00fctzen und dich auf dem Weg zu deinen sportlichen Zielen zu begleiten!<\/p>\n<p>&nbsp;<\/p>\n<p>Unser Team freut sich auf Eure Anfragen!<\/p>\n<p>&nbsp;<\/p>\n","protected":false},"excerpt":{"rendered":"<p><strong>Herren Hoodie Trainerteam LSN<\/strong><\/p>\n<p>Diese modische HMLGO COTTON HOODIE hat alles &#8211; einen Roll-Top-Tunnelzugkragen, sportliche Schulterpartien sowie ein subtil gedrucktes hummel\u00ae-Logo. Unisexschnitt. Kleines LSN + Goslar Logo auf der Brust, Trainerteam + Logos auf dem R\u00fccken. Ware die individuell f\u00fcr euch veredelt wird (also z.B. mit Spielernamen, Nummern, Sponsorenlogos, Vereinswappen, Initalien, etc bedruckt\/beflockt wird) gilt als Sonderanfertigung und ist von einem Umtausch leider ausgeschlossen.<\/p>\n<p><strong>WICHTIG; diesen Artikel erhalten nur vom LSN autorisierte Trainer f\u00fcr die Kaderathleten. <\/strong>Bitte lassen sie sich vom LSN eine Bescheinigung ausstellen die sie uns dann bitte <strong>parallel<\/strong> zu der Bestellung zumailen!<\/p>\n<p>FB 7045 = royalblau\/wei\u00df<\/p>\n<p>Gr\u00f6\u00dfe\u00a0 S \u2013 3XL<\/p>\n<p>Lieferzeit: ca 10 \u2013 20 Tage<\/p>\n<table>\n<tbody>\n<tr>\n<td><strong>Menge<\/strong><\/td>\n<td><strong>Preis<\/strong><\/td>\n<\/tr>\n<tr>\n<td>1 \u2013 2<\/td>\n<td>47,99<\/td>\n<\/tr>\n<tr>\n<td>3 \u2013 9<\/td>\n<td>44,99 \u20ac<\/td>\n<\/tr>\n<tr>\n<td>10 \u2013 19<\/td>\n<td>42,99 \u20ac<\/td>\n<\/tr>\n<tr>\n<td>20 &#8211; 50<\/td>\n<td>41,99 \u20ac<\/td>\n<\/tr>\n<\/tbody>\n<\/table>\n<p>&nbsp;<\/p>\n<p>&nbsp;<\/p>\n","protected":false},"featured_media":1680,"template":"","meta":[],"product_brand":[],"product_cat":[253,219],"product_tag":[],"class_list":{"0":"post-1677","1":"product","2":"type-product","3":"status-publish","4":"has-post-thumbnail","6":"product_cat-landeskader-unt-trainerausstattung-lsn","7":"product_cat-lsn-shop","8":"description-off","10":"first","11":"instock","12":"sale","13":"taxable","14":"shipping-taxable","15":"purchasable","16":"product-type-variable"},"_links":{"self":[{"href":"https:\/\/sport-goslar.de\/verein-shop\/wp-json\/wp\/v2\/product\/1677","targetHints":{"allow":["GET"]}}],"collection":[{"href":"https:\/\/sport-goslar.de\/verein-shop\/wp-json\/wp\/v2\/product"}],"about":[{"href":"https:\/\/sport-goslar.de\/verein-shop\/wp-json\/wp\/v2\/types\/product"}],"wp:featuredmedia":[{"embeddable":true,"href":"https:\/\/sport-goslar.de\/verein-shop\/wp-json\/wp\/v2\/media\/1680"}],"wp:attachment":[{"href":"https:\/\/sport-goslar.de\/verein-shop\/wp-json\/wp\/v2\/media?parent=1677"}],"wp:term":[{"taxonomy":"product_brand","embeddable":true,"href":"https:\/\/sport-goslar.de\/verein-shop\/wp-json\/wp\/v2\/product_brand?post=1677"},{"taxonomy":"product_cat","embeddable":true,"href":"https:\/\/sport-goslar.de\/verein-shop\/wp-json\/wp\/v2\/product_cat?post=1677"},{"taxonomy":"product_tag","embeddable":true,"href":"https:\/\/sport-goslar.de\/verein-shop\/wp-json\/wp\/v2\/product_tag?post=1677"}],"curies":[{"name":"wp","href":"https:\/\/api.w.org\/{rel}","templated":true}]}}