{"id":1608,"date":"2021-04-28T16:45:55","date_gmt":"2021-04-28T14:45:55","guid":{"rendered":"https:\/\/sport-goslar.de\/verein-shop\/?post_type=product&#038;p=1608"},"modified":"2024-05-07T18:27:58","modified_gmt":"2024-05-07T16:27:58","slug":"hml-core-bag-groesse-m-inklusive-vereinswappen-lehrter-sv","status":"publish","type":"product","link":"https:\/\/sport-goslar.de\/verein-shop\/produkt\/hml-core-bag-groesse-m-inklusive-vereinswappen-lehrter-sv\/","title":{"rendered":"HML Core Bag Gr\u00f6\u00dfe M inklusive Vereinswappen Lehrter SV"},"content":{"rendered":"<p>Hall\u00f6chen Sportsfreunde und Mitglieder des Lehrter SV!<\/p>\n<p>Habt ihr schon unseren genialen <strong>Onlineshop f\u00fcr den Lehrter SV<\/strong> entdeckt?<\/p>\n<p>Wir sind total aus dem H\u00e4uschen, euch die Chance zu geben, eure Vereinskollektion online zu pr\u00e4sentieren und die besten Schn\u00e4ppchen f\u00fcr euer Team zu machen.<\/p>\n<p>Und mal so unter uns: Das gilt doch nicht nur f\u00fcr den <strong>Lehrter Sport Verein<\/strong>, oder? Wir k\u00f6nnen auch f\u00fcr alle anderen Vereine einen individuellen Shop aus dem Boden stampfen!<\/p>\n<p>Unser Team steht in den Startl\u00f6chern, um euch pers\u00f6nlich zu beraten und den ultimativen Onlineshop zu zimmern.<\/p>\n<p>&nbsp;<\/p>\n<p>Willkommen bei Sport Goslar, dem ultimativen Ziel f\u00fcr junge Athleten, Trainer und Nachwuchstalente, die ihren Team-Style auf das n\u00e4chste Level heben wollen! Bei uns dreht sich alles darum, wie du und dein Team beim n\u00e4chsten Event oder Wettkampt herausstechen k\u00f6nnt. Wir sind die <strong>Spezialisten f\u00fcr individuelle Vereins- und Mannschaftsbekleidung<\/strong>, denn wir wissen, dass es nicht nur um das Spiel, sondern auch um den Style geht!<\/p>\n<p>Mit unserem individuellen Trikots k\u00f6nnt ihr euer einzigartiges Mannschaftsoutfin ganz nach euren W\u00fcnschen gestalten. Bei uns entdeckt ihr den ultimativen Style f\u00fcr eurer Team! Egal ob <strong>Basketball-\/ Handballtrikots, Beachvolleyballshirts, oder Singlets und Bras f\u00fcr die Leichtahtletik sucht \u2013 alles wird speziell f\u00fcr euch und nach euren individuellen Vorgaben hergestellt<\/strong>. Das Beste daran? Ihr k\u00f6nnt das Design, die Farben und die Beschriftung selbst festlegen und sogar eure Logos einbinden lassen.<\/p>\n<p>Unsere kurzen Beachvolleyballtops sind in verschiedenen Polyesterarten erh\u00e4ltlich, einschlie\u00dflich recycelter Materialien, denn wir legen Wert auf Nachhaltigkeit. Sponsorenlogos, Teamnamen, Beachvolleyball-Motive \u2013 die M\u00f6glichkeiten sind endlos, wie ihr eure Bseketballtrikots bedrucken lassen k\u00f6nnt.<\/p>\n<p>Bei uns habt ihr die freie Wahl, was Designs und Farben angeht. Unsere hochwertigen Beachvolleyballtanks werden im europ\u00e4ischen Ausland individuell als Sonderanfertigung produziert. Egal ob Beach-Handball, Beach-Volleyball, Basketball oder Leichtathletik \u2013 wir haben das passende Trikot f\u00fcr euch!<\/p>\n<p>Und das Beste kommt noch: <strong>Unser Preis-\/Leistungsverh\u00e4ltnis ist wohl unschlagbar!<\/strong> Schon ab 10 St\u00fcck k\u00f6nnt ihr euer individuelles Vereins-Outfit gestalten. In den Preisen sind bereits<strong> ALLE Druckkosten f\u00fcr Vereinslogo, Sponsorenaufdruck &amp; Trikotnummer sowie Vereinsnamen enthalten.<\/strong> Das ist besonders f\u00fcr Vereine ein unschlagbares Angebot die viele Sponsorenlogo unterbringen m\u00f6chten!<\/p>\n<p>Ihr m\u00fcsst dabei nicht einmal einen Trikot-Creator benutzen. Unser Grafikteam erstellt euch nach einer pers\u00f6nlichen Beratung verschiedene Designvorschl\u00e4ge ganz nach euren Vorgaben und W\u00fcnschen.<\/p>\n<p>Unser einzigartiges Sublimationsdruckverfahren sorgt f\u00fcr brillante Farben und gestochen scharfe Details. Eure Sponsoren-Logos, Vereinswappen und Hintergrundbilder werden bis zum Rand bedruckt, f\u00fcr einen professionellen Look. Und das Beste: Die Farben sind Teil des Stoffes, nicht einfach aufgepresst wie beim \u00fcblichen Plotterverfahren. So bleibt euer Trikot auch nach vielen Eins\u00e4tzen noch wie neu!<\/p>\n<p>Endlich k\u00f6nnt ihr euer eigenes Sublimation-Beachshirt f\u00fcr dich und dein Team haben \u2013 euer individuelles OUTFIT! Und das zu einem unschlagbaren Preis, denn bei unseren Beach-Volleyball-Shirts ist bereits ALLES INKLUSIVE.<\/p>\n<p>Unsere Basketballtrikots sind auch f\u00fcr Turnierveranstalter oder Vereine interessant, die nach preiswerten, aber dennoch hochwertigen Event- oder Playershirts suchen. Als l\u00e4ssiges Tourtop aus Funktionsware ist dieser Bra auch in kleinen Mengen g\u00fcnstig erh\u00e4ltlich. Und bei gr\u00f6\u00dferen St\u00fcckzahlen bieten wir sehr <strong>attraktive Sonderkonditionen!<\/strong><\/p>\n<p>&nbsp;<\/p>\n<p>Also, worauf wartet ihr noch? Gestaltet jetzt euer einzigartiges Teaml-Shirt und seid die Stars des n\u00e4chsten Spiels!<\/p>\n<p>&nbsp;<\/p>\n<p>Sport Goslar \u2013 euer Partner f\u00fcr individuelle Volleyballbekleidung, die nicht nur gut aussieht, sondern auch perfekt sitzt und sich anf\u00fchlt!<\/p>\n<p>&nbsp;<\/p>\n<p>&nbsp;<\/p>\n<p>&nbsp;<\/p>\n<p>&nbsp;<\/p>\n<p>&nbsp;<\/p>\n<p>Ware die individuell f\u00fcr euch veredelt wird (also z.B. mit Spielernamen, Nummern, Sponsorenlogos, Vereinswappen, Initalien, etc bedruckt\/beflockt wird) gilt als Sonderanfertigung und ist von einem Umtausch leider ausgeschlossen.<\/p>\n","protected":false},"excerpt":{"rendered":"<p><strong>Hummel Core Sporttasche inklusive Vereinswappen Logo Gr\u00f6\u00dfe M<br \/>\n<\/strong><\/p>\n<p>Mit der gef\u00fctterten hummel\u00ae CORE SPORTS BAG halten Sie Ordnung. Innen gef\u00fcttert , Rei\u00dfverschlusstasche, auff\u00e4llige Insignien, Innentasche mit Rei\u00dfverschluss, Qualit\u00e4t: 100 % Polyester, mit PU-Beschichtung auf der R\u00fcckseite Diese Sporttasche in perfekter Gr\u00f6\u00dfe bietet alles, inklusive Schulter- und Handschlaufen, Top Preis-Leistung, 45 Liter Volumen. Die Tasche wird mit dem Logo des LSV bedruckt Art. 204012<\/p>\n<p>UVP 39,95 \u20ac + Druckkosten<\/p>\n<p>Fb 2001 = schwarz<\/p>\n<p>Fb 2006 = grau<\/p>\n<p>Fb 3083 = bordo<\/p>\n<p>Gr\u00f6\u00dfe\u00a0 M<\/p>\n<p>Lieferzeit: ca 10 &#8211; 20 Tage<\/p>\n<p>&nbsp;<\/p>\n<table border=\"1\" cellspacing=\"0\" cellpadding=\"0\">\n<tbody>\n<tr>\n<td><strong>Menge<\/strong><\/td>\n<td><strong>Preis<\/strong><\/td>\n<\/tr>\n<tr>\n<td>1 &#8211; 2<\/td>\n<td>35,99 \u20ac<\/td>\n<\/tr>\n<tr>\n<td>5 -9<\/td>\n<td>31,99 \u20ac<\/td>\n<\/tr>\n<tr>\n<td>10-50<\/td>\n<td>29,99 \u20ac<\/td>\n<\/tr>\n<\/tbody>\n<\/table>\n<p>&nbsp;<\/p>\n<p>&nbsp;<\/p>\n<p>&nbsp;<\/p>\n","protected":false},"featured_media":1605,"template":"","meta":[],"product_brand":[],"product_cat":[222,271],"product_tag":[],"class_list":{"0":"post-1608","1":"product","2":"type-product","3":"status-publish","4":"has-post-thumbnail","6":"product_cat-lehrter-sv","7":"product_cat-rucksaecke-taschen-lsv","8":"description-off","10":"first","11":"instock","12":"sale","13":"taxable","14":"shipping-taxable","15":"purchasable","16":"product-type-variable"},"_links":{"self":[{"href":"https:\/\/sport-goslar.de\/verein-shop\/wp-json\/wp\/v2\/product\/1608","targetHints":{"allow":["GET"]}}],"collection":[{"href":"https:\/\/sport-goslar.de\/verein-shop\/wp-json\/wp\/v2\/product"}],"about":[{"href":"https:\/\/sport-goslar.de\/verein-shop\/wp-json\/wp\/v2\/types\/product"}],"wp:featuredmedia":[{"embeddable":true,"href":"https:\/\/sport-goslar.de\/verein-shop\/wp-json\/wp\/v2\/media\/1605"}],"wp:attachment":[{"href":"https:\/\/sport-goslar.de\/verein-shop\/wp-json\/wp\/v2\/media?parent=1608"}],"wp:term":[{"taxonomy":"product_brand","embeddable":true,"href":"https:\/\/sport-goslar.de\/verein-shop\/wp-json\/wp\/v2\/product_brand?post=1608"},{"taxonomy":"product_cat","embeddable":true,"href":"https:\/\/sport-goslar.de\/verein-shop\/wp-json\/wp\/v2\/product_cat?post=1608"},{"taxonomy":"product_tag","embeddable":true,"href":"https:\/\/sport-goslar.de\/verein-shop\/wp-json\/wp\/v2\/product_tag?post=1608"}],"curies":[{"name":"wp","href":"https:\/\/api.w.org\/{rel}","templated":true}]}}