{"id":1440,"date":"2021-04-19T16:46:58","date_gmt":"2021-04-19T14:46:58","guid":{"rendered":"https:\/\/sport-goslar.de\/verein-shop\/?post_type=product&#038;p=1440"},"modified":"2021-09-08T17:01:34","modified_gmt":"2021-09-08T15:01:34","slug":"hoodie-damen-mit-wsv-stm-fashion-logo","status":"publish","type":"product","link":"https:\/\/sport-goslar.de\/verein-shop\/produkt\/hoodie-damen-mit-wsv-stm-fashion-logo\/","title":{"rendered":"Hoodie Damen mit WSV StM Fashion Logo"},"content":{"rendered":"<p>Ware die individuell f\u00fcr euch veredelt wird (also z.B. mit Spielernamen, Nummern, Sponsorenlogos, Vereinswappen, Initalien, etc bedruckt\/beflockt wird) gilt als Sonderanfertigung und ist von einem Umtausch leider ausgeschlossen.<\/p>\n","protected":false},"excerpt":{"rendered":"<p><strong>Damen Hoodie mit zweifarbigem Logo<\/strong><\/p>\n<p>Hochwertige Sweat-Qualit\u00e4t mit angerauter Innenseite. Oberstoff (300 g\/m\u00b2): 80% Baumwolle, 20% Polyester. Gek\u00e4mmte, ringgesponnene Baumwolle, Necktape, B\u00fcndchen mit Elasthan, doppellagige Kapuze mit Kordelzug, gro\u00dfe K\u00e4ngurutasche,\u00a0 Maritimes Logo bei dem durch die Verwendung von zwei verschiedenen Drucktechniken ein dreidimensionaler Effekt erreicht wird (Siebdruck + Direktflock) Hoodies f\u00fcr Erwachsene mit Kordel, bei Kindern wird aus Sicherheitsgr\u00fcnden auf die Kordel verzichtet. Taillierter Damenschnitt<\/p>\n<p>Farbe =navy\/wei\u00df<\/p>\n<p>Farbe= wei\u00df\/navy<\/p>\n<p>Gr\u00f6\u00dfe\u00a0 S &#8211; XXL<\/p>\n<p>&nbsp;<\/p>\n<p>Lieferzeit: ca 10 &#8211; 20 Tage<\/p>\n<p>&nbsp;<\/p>\n<table>\n<tbody>\n<tr>\n<td><strong>Menge<\/strong><\/td>\n<td><strong>Preis<\/strong><\/td>\n<\/tr>\n<tr>\n<td>1 &#8211; 4<\/td>\n<td>49,99 \u20ac<\/td>\n<\/tr>\n<tr>\n<td>5 &#8211; 20<\/td>\n<td>39,99 \u20ac<\/td>\n<\/tr>\n<\/tbody>\n<\/table>\n<p>&nbsp;<\/p>\n<p>&nbsp;<\/p>\n","protected":false},"featured_media":1435,"template":"","meta":[],"product_brand":[],"product_cat":[310,308],"product_tag":[],"class_list":{"0":"post-1440","1":"product","2":"type-product","3":"status-publish","4":"has-post-thumbnail","6":"product_cat-teamline-young-fashion-wsv-stm","7":"product_cat-wsv-steinhuder-meer","8":"description-off","10":"first","11":"instock","12":"sale","13":"taxable","14":"shipping-taxable","15":"purchasable","16":"product-type-variable"},"_links":{"self":[{"href":"https:\/\/sport-goslar.de\/verein-shop\/wp-json\/wp\/v2\/product\/1440","targetHints":{"allow":["GET"]}}],"collection":[{"href":"https:\/\/sport-goslar.de\/verein-shop\/wp-json\/wp\/v2\/product"}],"about":[{"href":"https:\/\/sport-goslar.de\/verein-shop\/wp-json\/wp\/v2\/types\/product"}],"wp:featuredmedia":[{"embeddable":true,"href":"https:\/\/sport-goslar.de\/verein-shop\/wp-json\/wp\/v2\/media\/1435"}],"wp:attachment":[{"href":"https:\/\/sport-goslar.de\/verein-shop\/wp-json\/wp\/v2\/media?parent=1440"}],"wp:term":[{"taxonomy":"product_brand","embeddable":true,"href":"https:\/\/sport-goslar.de\/verein-shop\/wp-json\/wp\/v2\/product_brand?post=1440"},{"taxonomy":"product_cat","embeddable":true,"href":"https:\/\/sport-goslar.de\/verein-shop\/wp-json\/wp\/v2\/product_cat?post=1440"},{"taxonomy":"product_tag","embeddable":true,"href":"https:\/\/sport-goslar.de\/verein-shop\/wp-json\/wp\/v2\/product_tag?post=1440"}],"curies":[{"name":"wp","href":"https:\/\/api.w.org\/{rel}","templated":true}]}}