{"id":1342,"date":"2021-04-16T16:41:32","date_gmt":"2021-04-16T14:41:32","guid":{"rendered":"https:\/\/sport-goslar.de\/verein-shop\/?post_type=product&#038;p=1342"},"modified":"2024-05-10T12:33:55","modified_gmt":"2024-05-10T10:33:55","slug":"hml-cotton-polo-damen-lsv-inklusive-1874","status":"publish","type":"product","link":"https:\/\/sport-goslar.de\/verein-shop\/produkt\/hml-cotton-polo-damen-lsv-inklusive-1874\/","title":{"rendered":"HML Cotton Polo Damen LSV inklusive 1874"},"content":{"rendered":"<p>Hey LSV-Mitgleider,<\/p>\n<p>habt ihr schon unseren super praktischen Onlineshop f\u00fcr den<strong> Lehrter Sport Verein<\/strong> gesehen? Wir sind echt froh, dass wir euch die Chance geben k\u00f6nnen, eure Vereinskollektion online zu pr\u00e4sentieren und die besten Sachen f\u00fcr euer Team zu sichern. Und das Beste? Das ist nicht nur f\u00fcr uns, sondern wir k\u00f6nnen auch f\u00fcr andere Vereine individuelle Shops machen! Lasst uns zusammenarbeiten, um den perfekten Shop f\u00fcr euer Team zu kreieren.<\/p>\n<p>Ihr m\u00f6chtet auch individuelle Teambekleidung mit Vereinsnamen, Sponsorenlogos und Spielernamen bedrucken?<\/p>\n<p>Sehr gern sind wir euch auch bei der Veredelung\/Beflockung und dem Layout von Vereins- oderMannschaftsbekleidung behilflich. Wir sind der kompetente Partner f\u00fcr Textildruck in Niedersachsen. Wir verarbeiten keine billigen Plotterfolien die nach ein paar W\u00e4schen einrei\u00dfen oder abl\u00f6sen. Wir bieten Bedruckung im Siebdruck, 3D-Patches. Flockdruck, Flexdruck, Direktflock, Sublimationsdruck oder Digitaldruck als auch die Bestickung in durch hochmoderne Stickereimaschinen. Wir beraten Euch auch sehr gern pes\u00f6nlich \u2013 fragt unsere Textiddruck-Experten und holt euch ein preislich attraktives Angebot.<\/p>\n<p>Von der Vorlagenerstellung bis hin zum fertigen Textil sind wir der Textil-Partner an Eurer Seite. Verlasst Euch drauf!<\/p>\n<p>Der Direktflock macht die Bewegung optimal mit , bietet ein sehr angenehm leichten Tragekomfort und liegt nicht wie eine Plotterfolie steif oben auf dem Textil drauf. Wir sind stolz darauf als eines der wenigen Unternehmen in Deutschland diese Produktionsm\u00f6glichkeit anbieten zu k\u00f6nnen.<\/p>\n<p>DIREKTFLOCK L\u00d6ST SICH NICHT AB !!!<br \/>\nWir mischen jeden Farbton individuell nach Euren W\u00fcnschen und Vorgaben ohne Aufpreis an.<\/p>\n<p>Sehr gern machen wir Euch nach Vorlage der Motive und Angabe der Gr\u00f6\u00dfe ein individuelles Angebot. Von beruflicher, Arbeits- und Berufsbekleidung bis hin zu Merchandising- und Werbekleidung h\u00e4lt das Lehrter Sporthaus Goslar eine breit aufgestellt Kollektion mit Textilien bester Qualit\u00e4t f\u00fcr sie bereit. Von unseren gro\u00dfartigen T-Shirts bis hin zu den au\u00dfergew\u00f6hnlichen Basic Sweats, den unschlagbaren Jacken und unserer Kollektion f\u00fcr Vereins- und Mannschaftsausr\u00fcstung<\/p>\n<p>Testet uns einfach!<\/p>\n<p>&nbsp;<\/p>\n","protected":false},"excerpt":{"rendered":"<p><strong>HML Polo Damen LSV inklusive 1874<\/strong><\/p>\n<div class=\"attributes d-flex flex-column pl-0 pr-0\">\n<div class=\"product-detail-secondary-content\">\n<p>Das klassische hummel\u00ae HMLGO COTTON POLO mit Knopfleiste ist perfekt f\u00fcr Streetwear und Smart Wear. \u00c4rmel-Chevrons und ein bedrucktes Brustlogo sorgen f\u00fcr ein sportliches Flair. Button-Up-Kragen, Polo im klassischen Stil, sportliche \u00c4rmelchevrons, gedrucktes Brustlogo, Qualit\u00e4t: 100 % Baumwolle \u2013 Farbe 2006: 90 % Baumwolle, 10 % Viskose. Vereinwappen auf der Brust und Gr\u00fcndungsjahr auf dem R\u00fccken. Taillierter Damenschnitt\u00a0 Art.203522 Ware die individuell f\u00fcr euch veredelt wird (also z.B. mit Spielernamen, Nummern, Sponsorenlogos, Vereinswappen, Initalien, etc bedruckt\/beflockt wird) gilt als Sonderanfertigung und ist von einem Umtausch leider ausgeschlossen.<\/p>\n<div class=\"attributes d-flex flex-column pl-0 pr-0\">\n<div class=\"product-detail-secondary-content\">\n<p>UVP 29,99 + Druckkosten<\/p>\n<\/div>\n<\/div>\n<p>FB 2006=grau\/bordo<\/p>\n<p>FB 2001=schwarz\/wei\u00df<\/p>\n<p>FB 9001=wei\u00df\/bordo<\/p>\n<p>Gr\u00f6\u00dfe\u00a0 XS &#8211; 2XL<\/p>\n<p>Lieferzeit: ca 10 &#8211; 20 Tage<\/p>\n<p>&nbsp;<\/p>\n<table border=\"1\" cellspacing=\"0\" cellpadding=\"0\">\n<tbody>\n<tr>\n<td><strong>Menge<\/strong><\/td>\n<td><strong>Preis<\/strong><\/td>\n<\/tr>\n<tr>\n<td>1 &#8211; 4<\/td>\n<td>39,99 \u20ac<\/td>\n<\/tr>\n<tr>\n<td>5 &#8211; 19<\/td>\n<td>34,99 \u20ac<\/td>\n<\/tr>\n<tr>\n<td>20-50<\/td>\n<td>33,99 \u20ac<\/td>\n<\/tr>\n<\/tbody>\n<\/table>\n<p>&nbsp;<\/p>\n<p>&nbsp;<\/p>\n<\/div>\n<\/div>\n","protected":false},"featured_media":1337,"template":"","meta":[],"product_brand":[],"product_cat":[222,307],"product_tag":[],"class_list":{"0":"post-1342","1":"product","2":"type-product","3":"status-publish","4":"has-post-thumbnail","6":"product_cat-lehrter-sv","7":"product_cat-teamline-1874","8":"description-off","10":"first","11":"instock","12":"sale","13":"taxable","14":"shipping-taxable","15":"purchasable","16":"product-type-variable"},"_links":{"self":[{"href":"https:\/\/sport-goslar.de\/verein-shop\/wp-json\/wp\/v2\/product\/1342","targetHints":{"allow":["GET"]}}],"collection":[{"href":"https:\/\/sport-goslar.de\/verein-shop\/wp-json\/wp\/v2\/product"}],"about":[{"href":"https:\/\/sport-goslar.de\/verein-shop\/wp-json\/wp\/v2\/types\/product"}],"wp:featuredmedia":[{"embeddable":true,"href":"https:\/\/sport-goslar.de\/verein-shop\/wp-json\/wp\/v2\/media\/1337"}],"wp:attachment":[{"href":"https:\/\/sport-goslar.de\/verein-shop\/wp-json\/wp\/v2\/media?parent=1342"}],"wp:term":[{"taxonomy":"product_brand","embeddable":true,"href":"https:\/\/sport-goslar.de\/verein-shop\/wp-json\/wp\/v2\/product_brand?post=1342"},{"taxonomy":"product_cat","embeddable":true,"href":"https:\/\/sport-goslar.de\/verein-shop\/wp-json\/wp\/v2\/product_cat?post=1342"},{"taxonomy":"product_tag","embeddable":true,"href":"https:\/\/sport-goslar.de\/verein-shop\/wp-json\/wp\/v2\/product_tag?post=1342"}],"curies":[{"name":"wp","href":"https:\/\/api.w.org\/{rel}","templated":true}]}}