{"id":1322,"date":"2021-04-16T15:43:18","date_gmt":"2021-04-16T13:43:18","guid":{"rendered":"https:\/\/sport-goslar.de\/verein-shop\/?post_type=product&#038;p=1322"},"modified":"2024-05-10T12:51:47","modified_gmt":"2024-05-10T10:51:47","slug":"hml-cotton-tee-damen-lsv-inklusive-1874","status":"publish","type":"product","link":"https:\/\/sport-goslar.de\/verein-shop\/produkt\/hml-cotton-tee-damen-lsv-inklusive-1874\/","title":{"rendered":"HML Cotton Tee Damen LSV inklusive 1874"},"content":{"rendered":"<p>Liebe Damen des Lehrter Sport Vereins,<\/p>\n<p>seid ihr schon auf unseren hei\u00dfen <strong>Onlineshop f\u00fcr den Lehrter SV<\/strong> gesto\u00dfen?<\/p>\n<p>Wir sind richtig stolz darauf, euch die M\u00f6glichkeit zu bieten, eure Vereinskollektion online zu pr\u00e4sentieren und die absoluten Knallerprodukte f\u00fcr euer Team zu ergattern. Und wisst ihr was? Das ist nicht nur f\u00fcr den <strong>Lehrter Sport Verein<\/strong> gedacht, wir k\u00f6nnen auch f\u00fcr alle anderen Vereine individuelle Shops aus dem Boden stampfen! Unser Team steht bereit, um euch pers\u00f6nlich zu beraten und den besten Onlineshop \u00fcberhaupt zu kreieren.<\/p>\n<p>&nbsp;<\/p>\n<p>SIEBDRUCK? BESTICKUNG? FLEXDRUCK? DIREKTFLOCK? FLOCKDRUCK? TRANSFERDRUCK? DIGITALDRUCK? 3D-Flock?<\/p>\n<p>Als Ausstatter von vier Landesverb\u00e4nden mit 2909 angeschlossenen Vereinen und insgesamt 275.148 Mitgliedern setzen wir auch euren Verein, die Mannschaft oder auch den Verband dreidimensional in Szene!<\/p>\n<p>Wir sind Euer Ansprechpartner f\u00fcr hochwertige Vereins- und Fussballsausstattungen. Sport Goslar steht f\u00fcr Leidenschaft, Teamsportkompetenz und Menschen, die sich mit dem Familienunternehmen identifizieren. Kurz: f\u00fcr das Goslar-Wir-Gef\u00fchl seit 1898. Mit ungebrochener Leidenschaft f\u00fcr die Sportwelt ist Sport Goslar \u2013 auch auf den Onlineseiten \u2013 Dein kompetenter Ratgeber.<\/p>\n<p>Unsere Spezialisierung ist die Produktion von gro\u00dfen St\u00fcckzahlen, jedoch k\u00f6nnen wir auch zu g\u00fcnstigen Preisen Kleinauflagen ab 5 St\u00fcck beflocken oder bedrucken. Wir drucken die gesamte Palette von hochwertiger Arbeits- und Berufsbekleiung bis hin zu g\u00fcnstigen T-Shirts, Poloshirts, Sweatshirts, Hemden und Jacken und nat\u00fcrlich Markenware von Erima, Hummel oder Jako mit einem augezeichneten Preis-\/Leistungsverh\u00e4ltnis. Unsere Druckerei ist professionell ausger\u00fcstet und kann Eure Anfragen und Auftr\u00e4ge schnell zu bearbeiten und auszuliefern.<\/p>\n<p>Wir m\u00f6chten Euch das beste Produkt zum fairsten Preis bieten. So garantieren wir nachhaltige Produkte, die auf h\u00f6chstem Niveau produziert werden. Dank unserer zuverl\u00e4ssigen Lieferanten k\u00f6nnen wir Ihnen ein riesiges Sortiment unterschiedlicher Textilien zum bedrucken anbieten. Neben vielen bekannten Marken haben wir ein gro\u00dfes Angebot an T-Shirts, Sweat-Shirts, Polohemden und professionelle Arbeitskleidung f\u00fcr jeden Einsatzzweck.Sport Goslar ist auch Dein Anspechpartner f\u00fcr hochwertige Stickerei. Durch Stick veredelte Textilien sind sehr edel und Best\u00e4ndig.<\/p>\n<p>Jeder Artikel hat eine andere Oberfl\u00e4chenbeschaffenheit und somit eine andere Anforderung an die Drucktechnik. Je nach Menge, Anspruch und Material werden wir Ihnen hierf\u00fcr die am besten geeignete Technik empfehlen egal ob Siebdruck, Flock- &amp; Flexdruck, Transferdruck oder Digitaldruck. Daher k\u00f6nnen wir Ihre Textildruckw\u00fcnsche optimal umsetzen.<\/p>\n<p>Sollte dein Weg zu uns weit entfernt sein und ihr m\u00f6chtet Textilien von uns veredeln lassen, so ist das auch kein Problem. Wir beraten euch gern pers\u00f6nlich am Telefon oder machen ggf. einen Termin vor Ort. Nachdem ihr einen Korrekturabzug freigeben habt und sie veredelt sind kommen die Textilien wieder bequem versandkostenfrei zu euch.<\/p>\n<p>Vertrautauch ihr unseret Fachkompetenz und \u00fcber 125 Jahren Erfahrung!<\/p>\n","protected":false},"excerpt":{"rendered":"<p><strong>HML T-Shirt Damen LSV inklusive 1874<\/strong><\/p>\n<div class=\"attributes d-flex flex-column pl-0 pr-0\">\n<div class=\"product-detail-secondary-content\">\n<p>Das hummel\u00ae HMLGO COTTON T-SHIRT S \/ S aus weicher Baumwolle mit \u00c4rmel-Chevrons und dezentem Logo-Print vereint die heilige Dreifaltigkeit der Fashion S &#8211; sportlich, stylish und super-bequem. Vereinwappen auf der Brust und Gr\u00fcndungsjahr auf dem R\u00fccken.Taillierter Damenschnitt\u00a0 Art.203440 UVP 19,95 + Druckkosten.Ware die invividuell f\u00fcr euch veredelt wird (also z.B. mit Spielernamen, Nummern, Sponsorenlogos, Vereinswappen, Initalien, etc bedruckt\/beflockt wird) gilt als Sonderanfertigung und ist von einem Umtausch leider ausgeschlossen.<\/p>\n<\/div>\n<\/div>\n<p>FB 2006=grau\/bordo<\/p>\n<p>FB 2001=schwarz\/wei\u00df<\/p>\n<p>FB 9001=wei\u00df\/bordo<\/p>\n<p>Gr\u00f6\u00dfe\u00a0 XS &#8211; 2XL<\/p>\n<p>Lieferzeit: ca 10 &#8211; 20 Tage<\/p>\n<p>&nbsp;<\/p>\n<table border=\"1\" cellspacing=\"0\" cellpadding=\"0\">\n<tbody>\n<tr>\n<td><strong>Menge<\/strong><\/td>\n<td><strong>Preis<\/strong><\/td>\n<\/tr>\n<tr>\n<td>1 &#8211; 4<\/td>\n<td>32,99 \u20ac<\/td>\n<\/tr>\n<tr>\n<td>5 &#8211; 19<\/td>\n<td>28,99 \u20ac<\/td>\n<\/tr>\n<tr>\n<td>20-50<\/td>\n<td>27,99 \u20ac<\/td>\n<\/tr>\n<\/tbody>\n<\/table>\n<p>&nbsp;<\/p>\n<p>&nbsp;<\/p>\n","protected":false},"featured_media":1320,"template":"","meta":[],"product_brand":[],"product_cat":[222,307],"product_tag":[],"class_list":{"0":"post-1322","1":"product","2":"type-product","3":"status-publish","4":"has-post-thumbnail","6":"product_cat-lehrter-sv","7":"product_cat-teamline-1874","8":"description-off","10":"first","11":"instock","12":"sale","13":"taxable","14":"shipping-taxable","15":"purchasable","16":"product-type-variable"},"_links":{"self":[{"href":"https:\/\/sport-goslar.de\/verein-shop\/wp-json\/wp\/v2\/product\/1322","targetHints":{"allow":["GET"]}}],"collection":[{"href":"https:\/\/sport-goslar.de\/verein-shop\/wp-json\/wp\/v2\/product"}],"about":[{"href":"https:\/\/sport-goslar.de\/verein-shop\/wp-json\/wp\/v2\/types\/product"}],"wp:featuredmedia":[{"embeddable":true,"href":"https:\/\/sport-goslar.de\/verein-shop\/wp-json\/wp\/v2\/media\/1320"}],"wp:attachment":[{"href":"https:\/\/sport-goslar.de\/verein-shop\/wp-json\/wp\/v2\/media?parent=1322"}],"wp:term":[{"taxonomy":"product_brand","embeddable":true,"href":"https:\/\/sport-goslar.de\/verein-shop\/wp-json\/wp\/v2\/product_brand?post=1322"},{"taxonomy":"product_cat","embeddable":true,"href":"https:\/\/sport-goslar.de\/verein-shop\/wp-json\/wp\/v2\/product_cat?post=1322"},{"taxonomy":"product_tag","embeddable":true,"href":"https:\/\/sport-goslar.de\/verein-shop\/wp-json\/wp\/v2\/product_tag?post=1322"}],"curies":[{"name":"wp","href":"https:\/\/api.w.org\/{rel}","templated":true}]}}