{"id":1317,"date":"2021-04-16T15:29:39","date_gmt":"2021-04-16T13:29:39","guid":{"rendered":"https:\/\/sport-goslar.de\/verein-shop\/?post_type=product&#038;p=1317"},"modified":"2024-05-10T12:54:00","modified_gmt":"2024-05-10T10:54:00","slug":"hml-cotton-tee-herren-lsv-inklusive-1874","status":"publish","type":"product","link":"https:\/\/sport-goslar.de\/verein-shop\/produkt\/hml-cotton-tee-herren-lsv-inklusive-1874\/","title":{"rendered":"HML Cotton Tee Herren LSV inklusive 1874"},"content":{"rendered":"<p>Hey <strong>LSV-Mitglied<\/strong>,<\/p>\n<p>habt ihr schon unseren neuen <strong>Onlineshop f\u00fcr den Lehrter SV<\/strong> entdeckt?<\/p>\n<p>Wir sind echt aufgeregt, euch die M\u00f6glichkeit zu geben, eure Vereinskollektion online zu pr\u00e4sentieren und die besten Sachen f\u00fcr euer Team zu finden.<\/p>\n<p>Und wisst ihr was? Das ist nicht nur f\u00fcr uns, sondern wir k\u00f6nnen auch f\u00fcr andere Vereine individuelle Shops machen!<\/p>\n<p>Meldet euch bei uns, wenn ihr mehr erfahren wollt oder Hilfe braucht. Wir sind gerne f\u00fcr euch da!<\/p>\n<p>&nbsp;<\/p>\n<p>T-Shirt, Trikots drucken oder flocken?<\/p>\n<p>Teamausstattung zu einem super fairen Preisen! Wir m\u00f6chten Euch das hochwertigste Produkt mit einer anst\u00e4ndigen Beflockung anbieten. So garantieren wir nachhaltige Produkte, die auf h\u00f6chstem Niveau produziert werden. Von der Bearbeitung der Vorlage \u00fcber die Auswahl der entsprechenden Techniken (Sublimation, Druck, Flock) bis hin zum eigentlichen Bearbeiten der entsprechenden Textilien sind wir mit Sorgfalt und Kompetenz Ihr verl\u00e4sslicher Partner. Die Bearbeitung Ihrer Auftr\u00e4ge wird mit modernsten Maschinen und gut qualifizierten Mitarbeitern ausgef\u00fchrt. Profitieren auch Ihr von unserer Sorgfalt, Kompetenz und pers\u00f6nlichen Beratung sowie Betreuung, um genau das zu erreichen.<\/p>\n<p>Von der Vorlagenerstellung bis hin zum fertigen Textil sind wir der Fuballpartner an Eurer Seite. Verlasst euch drauf! Als offizieller Ausstatter namenhafter Firmen, Vereine und Landesverb\u00e4nden wie z.B.dem Nieders\u00e4chsischer Leichtathletik Verband, Triathlon Verband Niedersachsen, Landesschwimmverband Niedersachsen oder auch dem Nieders\u00e4chsischer Sportsch\u00fctzen Verband sind wir DEIN zuverl\u00e4ssiger und fairer Ausstatter.<\/p>\n<p>F\u00fcr Trikots oder T-Shirt aus der Hummel Authentic oder Cotton Go 2.0 empfehlen wie unseren hochwertigen Siedruck. Der Siebdruck ist mit das \u00e4lteste Textildruckverfahren. Mittels einer Schablone (Sieb) und einer Rakel wird Farbe direkt auf das Textil aufgebracht. Die Farbe wird mehrfach hintereinander aufgetragen und man erreicht so sehr kr\u00e4ftige und gut deckende Farben mit einer hohen Waschbest\u00e4ndigkeit bei 60 Grad.<\/p>\n<p>Durch die Vielfalt an M\u00f6glichkeiten bietet der Siebdruck sehr individuelle Druckresultate. Spezialeffekte wie Flockfasern, Sonderfarben oder Neoprints lassen keine W\u00fcnsche offen.<\/p>\n<p>Von Berufs- und Arbeitsbekleidung bis hin zu Merchandising- und Werbekleidung h\u00e4lt das Lehrter Sporthaus Goslar eine breit aufgestellt Kollektion mit Textilien bester Qualit\u00e4t f\u00fcr sie bereit. Von unseren gro\u00dfartigen T-Shirts bis hin zu den au\u00dfergew\u00f6hnlichen Basic Sweats, den unschlagbaren Jacken und unserer Kollektion f\u00fcr Vereins- und Mannschaftsausr\u00fcstung.<\/p>\n<p>Sehr gern beraten wir Euh pers\u00f6nlich. Scheuen Euch nicht bei Fragen Kontakt mit uns aufzunehmen. Wir stehen ihnen jederzeit zur Verf\u00fcgung oder kommen auch gern zu euch in den Verein.<\/p>\n<p>Testet uns einfach!<\/p>\n","protected":false},"excerpt":{"rendered":"<p><strong>HML T-Shirt Herren LSV inklusive 1874<\/strong><\/p>\n<div class=\"attributes d-flex flex-column pl-0 pr-0\">\n<div class=\"product-detail-secondary-content\">\n<p>Das hummel\u00ae HMLGO COTTON T-SHIRT S \/ S aus weicher Baumwolle mit \u00c4rmel-Chevrons und dezentem Logo-Print vereint die heilige Dreifaltigkeit der Fashion S &#8211; sportlich, stylish und super-bequem. Vereinwappen auf der Brust und Gr\u00fcndungsjahr auf dem R\u00fccken.Unisexschnitt\u00a0 Art.203566. Ware die invividuell f\u00fcr euch veredelt wird (also z.B. mit Spielernamen, Nummern, Sponsorenlogos, Vereinswappen, Initalien, etc bedruckt\/beflockt wird) gilt als Sonderanfertigung und ist von einem Umtausch leider ausgeschlossen.<\/p>\n<div class=\"attributes d-flex flex-column pl-0 pr-0\">\n<div class=\"product-detail-secondary-content\">\n<p>UVP 19,95 + Druckkosten<\/p>\n<\/div>\n<\/div>\n<p>FB 2006=grau\/bordo<\/p>\n<p>FB 2001=schwarz\/wei\u00df<\/p>\n<p>FB 9001=wei\u00df\/bordo<\/p>\n<p>Gr\u00f6\u00dfe\u00a0 S &#8211; 3XL<\/p>\n<p>Lieferzeit: ca 10 &#8211; 20 Tage<\/p>\n<p>&nbsp;<\/p>\n<table border=\"1\" cellspacing=\"0\" cellpadding=\"0\">\n<tbody>\n<tr>\n<td><strong>Menge<\/strong><\/td>\n<td><strong>Preis<\/strong><\/td>\n<\/tr>\n<tr>\n<td>1 &#8211; 4<\/td>\n<td>32,99 \u20ac<\/td>\n<\/tr>\n<tr>\n<td>5 &#8211; 19<\/td>\n<td>28,99 \u20ac<\/td>\n<\/tr>\n<tr>\n<td>20-50<\/td>\n<td>27,99 \u20ac<\/td>\n<\/tr>\n<\/tbody>\n<\/table>\n<p>&nbsp;<\/p>\n<p>&nbsp;<\/p>\n<\/div>\n<\/div>\n","protected":false},"featured_media":1319,"template":"","meta":[],"product_brand":[],"product_cat":[222,307],"product_tag":[],"class_list":{"0":"post-1317","1":"product","2":"type-product","3":"status-publish","4":"has-post-thumbnail","6":"product_cat-lehrter-sv","7":"product_cat-teamline-1874","8":"description-off","10":"first","11":"instock","12":"sale","13":"taxable","14":"shipping-taxable","15":"purchasable","16":"product-type-variable"},"_links":{"self":[{"href":"https:\/\/sport-goslar.de\/verein-shop\/wp-json\/wp\/v2\/product\/1317","targetHints":{"allow":["GET"]}}],"collection":[{"href":"https:\/\/sport-goslar.de\/verein-shop\/wp-json\/wp\/v2\/product"}],"about":[{"href":"https:\/\/sport-goslar.de\/verein-shop\/wp-json\/wp\/v2\/types\/product"}],"wp:featuredmedia":[{"embeddable":true,"href":"https:\/\/sport-goslar.de\/verein-shop\/wp-json\/wp\/v2\/media\/1319"}],"wp:attachment":[{"href":"https:\/\/sport-goslar.de\/verein-shop\/wp-json\/wp\/v2\/media?parent=1317"}],"wp:term":[{"taxonomy":"product_brand","embeddable":true,"href":"https:\/\/sport-goslar.de\/verein-shop\/wp-json\/wp\/v2\/product_brand?post=1317"},{"taxonomy":"product_cat","embeddable":true,"href":"https:\/\/sport-goslar.de\/verein-shop\/wp-json\/wp\/v2\/product_cat?post=1317"},{"taxonomy":"product_tag","embeddable":true,"href":"https:\/\/sport-goslar.de\/verein-shop\/wp-json\/wp\/v2\/product_tag?post=1317"}],"curies":[{"name":"wp","href":"https:\/\/api.w.org\/{rel}","templated":true}]}}