{"id":1214,"date":"2021-04-15T10:24:14","date_gmt":"2021-04-15T08:24:14","guid":{"rendered":"https:\/\/sport-goslar.de\/verein-shop\/?post_type=product&#038;p=1214"},"modified":"2024-05-07T12:57:10","modified_gmt":"2024-05-07T10:57:10","slug":"hml-softshelljacke-herren-mtv-wolfenbuettel-mit-edlem-3d-wappen","status":"publish","type":"product","link":"https:\/\/sport-goslar.de\/verein-shop\/produkt\/hml-softshelljacke-herren-mtv-wolfenbuettel-mit-edlem-3d-wappen\/","title":{"rendered":"HML Softshelljacke Herren MTV Wolfenb\u00fcttel mit edlem 3D-Wappen"},"content":{"rendered":"<p>Mitglieder des MTV Wolfenb\u00fcttel aufgepasst!<\/p>\n<p>Unser Onlineshop bietet euch die ideale Plattform, um eure Vereinskollektion zu pr\u00e4sentieren und die besten Produkte f\u00fcr euer Team zu sichern.<\/p>\n<p>Speziell f\u00fcr den <strong>MTV Wolfenb\u00fcttel<\/strong> entwickelt, aber auch f\u00fcr andere Vereine verf\u00fcgbar.<\/p>\n<p>Unser Team steht bereit, um euch einen individuellen Shop zu erstellen und euch pers\u00f6nlich zu beraten.<\/p>\n<p>Nutzt diese Chance und st\u00e4rkt euren Teamgeist mit einem professionellen Auftritt!<\/p>\n<p>&nbsp;<\/p>\n<p>&nbsp;<\/p>\n<p>&nbsp;<\/p>\n<p>&nbsp;<\/p>\n<p>&nbsp;<\/p>\n<p>&nbsp;<\/p>\n<p>&nbsp;<\/p>\n<p>&nbsp;<\/p>\n<p>Ware die invividuell f\u00fcr euch veredelt wird (also z.B. mit Spielernamen, Nummern, Sponsorenlogos, Vereinswappen, Initalien, etc bedruckt\/beflockt wird) gilt als Sonderanfertigung und ist von einem Umtausch leider ausgeschlossen.<\/p>\n","protected":false},"excerpt":{"rendered":"<p><strong>HML Softshelljacke Herren MTV Wolfenb\u00fcttel inklusive edlem 3D-Wappen<\/strong><\/p>\n<p>Die hmlNORTH SOFTSHELL JACKET h\u00e4lt dich dank des wasserabweisenden Softshell-Au\u00dfenmaterials und Fleece-Innenmaterial bei jedem Herbstwetter warm und trocken. Der Saum ist mit einem Kordelzug ausgestattet, mit dem die Passform angepasst werden kann und der W\u00e4rme einschlie\u00dft sowie Wind abh\u00e4lt! Der Frontrei\u00dfverschluss ist mit einem wasserdichten Logoband versehen. Diese hummel\u00ae Jacke hat eine Rei\u00dfverschlusstasche am linken \u00c4rmel sowie zwei Rei\u00dfverschlusstaschen an den Seiten der Jacke..Sehr edles dreidimensionales Vereinwappen des MTV Wolfenb\u00fcttel auf der Brust.Unisexschnitt\u00a0 Art 206685<\/p>\n<p>UVP 99,99 \u20ac zuz\u00fcgl hochwertigem 3D Logo<\/p>\n<p>FB 1006= schwarz\/asphalt<\/p>\n<p>Gr\u00f6\u00dfe\u00a0 S &#8211; 3XL<\/p>\n<p>Lieferzeit: ca 10 &#8211; 20 Tage<\/p>\n<p>&nbsp;<\/p>\n<table border=\"1\" cellspacing=\"0\" cellpadding=\"0\">\n<tbody>\n<tr>\n<td><strong>Menge<\/strong><\/td>\n<td><strong>Preis<\/strong><\/td>\n<\/tr>\n<tr>\n<td>1 &#8211; 4<\/td>\n<td>73,99 \u20ac<\/td>\n<\/tr>\n<tr>\n<td>5 &#8211; 9<\/td>\n<td>71,99 \u20ac<\/td>\n<\/tr>\n<tr>\n<td>10-50<\/td>\n<td>69,99 \u20ac<\/td>\n<\/tr>\n<\/tbody>\n<\/table>\n<p>&nbsp;<\/p>\n<p>&nbsp;<\/p>\n","protected":false},"featured_media":1208,"template":"","meta":[],"product_brand":[],"product_cat":[220,306],"product_tag":[],"class_list":{"0":"post-1214","1":"product","2":"type-product","3":"status-publish","4":"has-post-thumbnail","6":"product_cat-mtv-wolfenbuettel","7":"product_cat-teamline-3d-mtv-wolfenbuettel","8":"description-off","10":"first","11":"instock","12":"sale","13":"taxable","14":"shipping-taxable","15":"purchasable","16":"product-type-variable"},"_links":{"self":[{"href":"https:\/\/sport-goslar.de\/verein-shop\/wp-json\/wp\/v2\/product\/1214","targetHints":{"allow":["GET"]}}],"collection":[{"href":"https:\/\/sport-goslar.de\/verein-shop\/wp-json\/wp\/v2\/product"}],"about":[{"href":"https:\/\/sport-goslar.de\/verein-shop\/wp-json\/wp\/v2\/types\/product"}],"wp:featuredmedia":[{"embeddable":true,"href":"https:\/\/sport-goslar.de\/verein-shop\/wp-json\/wp\/v2\/media\/1208"}],"wp:attachment":[{"href":"https:\/\/sport-goslar.de\/verein-shop\/wp-json\/wp\/v2\/media?parent=1214"}],"wp:term":[{"taxonomy":"product_brand","embeddable":true,"href":"https:\/\/sport-goslar.de\/verein-shop\/wp-json\/wp\/v2\/product_brand?post=1214"},{"taxonomy":"product_cat","embeddable":true,"href":"https:\/\/sport-goslar.de\/verein-shop\/wp-json\/wp\/v2\/product_cat?post=1214"},{"taxonomy":"product_tag","embeddable":true,"href":"https:\/\/sport-goslar.de\/verein-shop\/wp-json\/wp\/v2\/product_tag?post=1214"}],"curies":[{"name":"wp","href":"https:\/\/api.w.org\/{rel}","templated":true}]}}