{"id":1193,"date":"2021-04-14T17:46:36","date_gmt":"2021-04-14T15:46:36","guid":{"rendered":"https:\/\/sport-goslar.de\/verein-shop\/?post_type=product&#038;p=1193"},"modified":"2024-05-06T17:25:05","modified_gmt":"2024-05-06T15:25:05","slug":"black-editition-zip-hoodie-kids-mtv-wolfenbuettel","status":"publish","type":"product","link":"https:\/\/sport-goslar.de\/verein-shop\/produkt\/black-editition-zip-hoodie-kids-mtv-wolfenbuettel\/","title":{"rendered":"BLACK EDITITION ZIP HOODIE KIDS MTV Wolfenb\u00fcttel"},"content":{"rendered":"<p>&nbsp;<\/p>\n<p>Hey Leute, seid ihr schon auf unseren hei\u00dfen Onlineshop gesto\u00dfen?<\/p>\n<p>Wir sind richtig stolz darauf, euch die M\u00f6glichkeit zu bieten, eure Vereinskollektion online zu pr\u00e4sentieren und die absoluten Knallerprodukte f\u00fcr euer Team zu ergattern.<\/p>\n<p>Und wisst ihr was? Das ist nicht nur f\u00fcr den MTV Wolfenb\u00fcttel gedacht, wir k\u00f6nnen auch f\u00fcr alle anderen Vereine individuelle Shops aus dem Boden stampfen!<\/p>\n<p>Unser Team steht bereit, um euch pers\u00f6nlich zu beraten und den besten Onlineshop \u00fcberhaupt zu kreieren.<\/p>\n<p>&nbsp;<\/p>\n<p>&nbsp;<\/p>\n<p>Ware die invividuell f\u00fcr euch veredelt wird (also z.B. mit Spielernamen, Nummern, Sponsorenlogos, Vereinswappen, Initalien, etc bedruckt\/beflockt wird) gilt als Sonderanfertigung und ist von einem Umtausch leider ausgeschlossen.<\/p>\n","protected":false},"excerpt":{"rendered":"<p><strong>Kinder Sweatjacke MTV BLACK EDITION inklusive Direktflock Ton in Ton auf dem R\u00fccken<\/strong><\/p>\n<p>Dieser modische HMLGO COTTON ZIP HOODIE bietet alles \u2013 einen Roll-Top-Kordelzug, einen durchgehenden Rei\u00dfverschluss, sportliche Schulterpartien sowie ein subtil gedrucktes hummel\u00ae-Logo. Roll-Top-Tunnelzugkragen, sportliche Schulterchevrons, durchgehender Rei\u00dfverschluss, Qualit\u00e4t: 80 % Baumwolle, 20 % Polyester \/ Futter: 100 % Polyester . Als <strong>Wolfenb\u00fctteler \u201eBlack Edition\u201c<\/strong> bekommt ihr diese Sweatjacke mit einem sehr edlen schwarzen Vereinswappen als Direktflock auf dem R\u00fccken<\/p>\n<p>UVP 49,99 \u20ac zuz\u00fcgl hochwertiger Direktflock (je nach Druckmenge 5,50 bis 10,99 \u20ac)<\/p>\n<p>&nbsp;<\/p>\n<p>Fb 2001 =schwarz\/schwarz<\/p>\n<p>Gr\u00f6\u00dfe\u00a0 116-176<\/p>\n<p>Lieferzeit: ca 10 &#8211; 20 Tage<\/p>\n<table border=\"1\" cellspacing=\"0\" cellpadding=\"0\">\n<tbody>\n<tr>\n<td><strong>Menge<\/strong><\/td>\n<td><strong>Preis<\/strong><\/td>\n<\/tr>\n<tr>\n<td>\u00a01 &#8211; 4<\/td>\n<td>45,99 \u20ac<\/td>\n<\/tr>\n<tr>\n<td>\u00a05- 19<\/td>\n<td>39,99 \u20ac<\/td>\n<\/tr>\n<tr>\n<td>20- 50<\/td>\n<td>35,99 \u20ac<\/td>\n<\/tr>\n<\/tbody>\n<\/table>\n<p>&nbsp;<\/p>\n","protected":false},"featured_media":1184,"template":"","meta":[],"product_brand":[],"product_cat":[250,220],"product_tag":[],"class_list":{"0":"post-1193","1":"product","2":"type-product","3":"status-publish","4":"has-post-thumbnail","6":"product_cat-blk-editition-mtv-wolfenbuettel","7":"product_cat-mtv-wolfenbuettel","8":"description-off","10":"first","11":"instock","12":"sale","13":"taxable","14":"shipping-taxable","15":"purchasable","16":"product-type-variable"},"_links":{"self":[{"href":"https:\/\/sport-goslar.de\/verein-shop\/wp-json\/wp\/v2\/product\/1193","targetHints":{"allow":["GET"]}}],"collection":[{"href":"https:\/\/sport-goslar.de\/verein-shop\/wp-json\/wp\/v2\/product"}],"about":[{"href":"https:\/\/sport-goslar.de\/verein-shop\/wp-json\/wp\/v2\/types\/product"}],"wp:featuredmedia":[{"embeddable":true,"href":"https:\/\/sport-goslar.de\/verein-shop\/wp-json\/wp\/v2\/media\/1184"}],"wp:attachment":[{"href":"https:\/\/sport-goslar.de\/verein-shop\/wp-json\/wp\/v2\/media?parent=1193"}],"wp:term":[{"taxonomy":"product_brand","embeddable":true,"href":"https:\/\/sport-goslar.de\/verein-shop\/wp-json\/wp\/v2\/product_brand?post=1193"},{"taxonomy":"product_cat","embeddable":true,"href":"https:\/\/sport-goslar.de\/verein-shop\/wp-json\/wp\/v2\/product_cat?post=1193"},{"taxonomy":"product_tag","embeddable":true,"href":"https:\/\/sport-goslar.de\/verein-shop\/wp-json\/wp\/v2\/product_tag?post=1193"}],"curies":[{"name":"wp","href":"https:\/\/api.w.org\/{rel}","templated":true}]}}