{"id":861,"date":"2021-04-06T14:51:01","date_gmt":"2021-04-06T12:51:01","guid":{"rendered":"https:\/\/sport-goslar.de\/verein-shop\/?page_id=861"},"modified":"2022-02-22T13:44:44","modified_gmt":"2022-02-22T12:44:44","slug":"fc-lehrte","status":"publish","type":"page","link":"https:\/\/sport-goslar.de\/verein-shop\/fc-lehrte\/","title":{"rendered":"FC Lehrte"},"content":{"rendered":"<div class=\"wpb-content-wrapper\"><p>[vc_row full_width=&#8220;stretch_row_content_no_spaces&#8220; content_placement=&#8220;middle&#8220; bg_type=&#8220;bg_color&#8220; bg_override=&#8220;full&#8220; ult_hide_row=&#8220;ult_hide_row_value&#8220; ult_hide_row_mobile=&#8220;mobile&#8220; ult_hide_row_mobile_large=&#8220;xl_mobile&#8220; css=&#8220;.vc_custom_1618834778245{margin-top: 100px !important;margin-bottom: 0px !important;padding-top: 0px !important;padding-bottom: 0px !important;}&#8220; bg_color_value=&#8220;#ffffff&#8220;][vc_column css=&#8220;.vc_custom_1609858779699{margin-top: 0px !important;padding-top: 0px !important;}&#8220;][vc_single_image image=&#8220;1391&#8243; img_size=&#8220;1200 x 500&#8243; alignment=&#8220;center&#8220;][\/vc_column][\/vc_row][vc_row full_width=&#8220;stretch_row&#8220; bg_type=&#8220;bg_color&#8220; ult_hide_row=&#8220;ult_hide_row_value&#8220; ult_hide_row_large_screen=&#8220;large_screen&#8220; ult_hide_row_desktop=&#8220;desktop&#8220; ult_hide_row_tablet=&#8220;tablet&#8220; bg_color_value=&#8220;#ffffff&#8220;][vc_column][vc_single_image image=&#8220;860&#8243; img_size=&#8220;full&#8220; alignment=&#8220;center&#8220; image_hovers=&#8220;false&#8220;][\/vc_column][\/vc_row][vc_row][vc_column]<div class=\"woocommerce columns-4\"><div class=\"wf-container dt-products  woo-hover products loading-effect-fade-in description-on-hover cart-btn-on-img wc-img-hover hide-description\" data-padding=\"0px\" data-cur-page=\"1\" data-desktop-columns-num=\"4\" data-v-tablet-columns-num=\"2\" data-h-tablet-columns-num=\"3\" data-phone-columns-num=\"1\">\n\n<article class=\"post product-category product first\">\n\n\t<figure class=\"woocom-project\">\n\t<div class=\"woo-buttons-on-img\">\n\n\t\t<a href=\"https:\/\/sport-goslar.de\/verein-shop\/product-category\/vereine\/fc-lehrte\/blk-editition-fcl\/\" class=\"alignnone\"><img loading=\"lazy\" decoding=\"async\" class=\"preload-me\" src=\"https:\/\/sport-goslar.de\/verein-shop\/wp-content\/uploads\/2021\/04\/fcl-blk-editition-300x300.jpg\" alt=\"BLK EDITITION FCL\" width=\"300\" height=\"300\" srcset=\"https:\/\/sport-goslar.de\/verein-shop\/wp-content\/uploads\/2021\/04\/fcl-blk-editition-300x300.jpg 300w, https:\/\/sport-goslar.de\/verein-shop\/wp-content\/uploads\/2021\/04\/fcl-blk-editition-150x150.jpg 150w, https:\/\/sport-goslar.de\/verein-shop\/wp-content\/uploads\/2021\/04\/fcl-blk-editition-200x200.jpg 200w, https:\/\/sport-goslar.de\/verein-shop\/wp-content\/uploads\/2021\/04\/fcl-blk-editition.jpg 500w\" sizes=\"auto, (max-width: 300px) 100vw, 300px\" \/><\/a>\n\t<\/div>\n\t<figcaption class=\"woocom-list-content\">\n\n\t\t\n\t<\/figcaption>\n<\/figure>\n<\/article>\n\n\n\n<article class=\"post product-category product\">\n\n\t<figure class=\"woocom-project\">\n\t<div class=\"woo-buttons-on-img\">\n\n\t\t<a href=\"https:\/\/sport-goslar.de\/verein-shop\/product-category\/vereine\/fc-lehrte\/fussbaelle-und-zubehoer-fcl\/\" class=\"alignnone\"><img loading=\"lazy\" decoding=\"async\" class=\"preload-me\" src=\"https:\/\/sport-goslar.de\/verein-shop\/wp-content\/uploads\/2021\/04\/Fussbaelle-500-x500.JPG-300x300.png\" alt=\"Fu\u00dfb\u00e4lle &amp; Zubeh\u00f6r FCL\" width=\"300\" height=\"300\" srcset=\"https:\/\/sport-goslar.de\/verein-shop\/wp-content\/uploads\/2021\/04\/Fussbaelle-500-x500.JPG-300x300.png 300w, https:\/\/sport-goslar.de\/verein-shop\/wp-content\/uploads\/2021\/04\/Fussbaelle-500-x500.JPG-150x150.png 150w, https:\/\/sport-goslar.de\/verein-shop\/wp-content\/uploads\/2021\/04\/Fussbaelle-500-x500.JPG-200x200.png 200w, https:\/\/sport-goslar.de\/verein-shop\/wp-content\/uploads\/2021\/04\/Fussbaelle-500-x500.JPG.png 500w\" sizes=\"auto, (max-width: 300px) 100vw, 300px\" \/><\/a>\n\t<\/div>\n\t<figcaption class=\"woocom-list-content\">\n\n\t\t\n\t<\/figcaption>\n<\/figure>\n<\/article>\n\n\n\n<article class=\"post product-category product\">\n\n\t<figure class=\"woocom-project\">\n\t<div class=\"woo-buttons-on-img\">\n\n\t\t<a href=\"https:\/\/sport-goslar.de\/verein-shop\/product-category\/vereine\/fc-lehrte\/handtuecher-badepantoletten-fcl\/\" class=\"alignnone\"><img loading=\"lazy\" decoding=\"async\" class=\"preload-me\" src=\"https:\/\/sport-goslar.de\/verein-shop\/wp-content\/uploads\/2021\/04\/Handtuecher-Badepantoletten-400x400-1-300x300.png\" alt=\"Handt\u00fccher &amp; Badepantoletten FCL\" width=\"300\" height=\"300\" srcset=\"https:\/\/sport-goslar.de\/verein-shop\/wp-content\/uploads\/2021\/04\/Handtuecher-Badepantoletten-400x400-1-300x300.png 300w, https:\/\/sport-goslar.de\/verein-shop\/wp-content\/uploads\/2021\/04\/Handtuecher-Badepantoletten-400x400-1-150x150.png 150w, https:\/\/sport-goslar.de\/verein-shop\/wp-content\/uploads\/2021\/04\/Handtuecher-Badepantoletten-400x400-1-200x200.png 200w, https:\/\/sport-goslar.de\/verein-shop\/wp-content\/uploads\/2021\/04\/Handtuecher-Badepantoletten-400x400-1.png 400w\" sizes=\"auto, (max-width: 300px) 100vw, 300px\" \/><\/a>\n\t<\/div>\n\t<figcaption class=\"woocom-list-content\">\n\n\t\t\n\t<\/figcaption>\n<\/figure>\n<\/article>\n\n\n\n<article class=\"post product-category product last\">\n\n\t<figure class=\"woocom-project\">\n\t<div class=\"woo-buttons-on-img\">\n\n\t\t<a href=\"https:\/\/sport-goslar.de\/verein-shop\/product-category\/vereine\/fc-lehrte\/jacken-oberteile-lg-fcl\/\" class=\"alignnone\"><img loading=\"lazy\" decoding=\"async\" class=\"preload-me\" src=\"https:\/\/sport-goslar.de\/verein-shop\/wp-content\/uploads\/2021\/04\/Jacken-Oberteile-300x300.jpg\" alt=\"Jacken &amp; Oberteile lg. FCL\" width=\"300\" height=\"300\" srcset=\"https:\/\/sport-goslar.de\/verein-shop\/wp-content\/uploads\/2021\/04\/Jacken-Oberteile-300x300.jpg 300w, https:\/\/sport-goslar.de\/verein-shop\/wp-content\/uploads\/2021\/04\/Jacken-Oberteile-150x150.jpg 150w, https:\/\/sport-goslar.de\/verein-shop\/wp-content\/uploads\/2021\/04\/Jacken-Oberteile-200x200.jpg 200w, https:\/\/sport-goslar.de\/verein-shop\/wp-content\/uploads\/2021\/04\/Jacken-Oberteile.jpg 499w\" sizes=\"auto, (max-width: 300px) 100vw, 300px\" \/><\/a>\n\t<\/div>\n\t<figcaption class=\"woocom-list-content\">\n\n\t\t\n\t<\/figcaption>\n<\/figure>\n<\/article>\n\n\n\n<article class=\"post product-category product first\">\n\n\t<figure class=\"woocom-project\">\n\t<div class=\"woo-buttons-on-img\">\n\n\t\t<a href=\"https:\/\/sport-goslar.de\/verein-shop\/product-category\/vereine\/fc-lehrte\/short-u-hosen-fcl\/\" class=\"alignnone\"><img loading=\"lazy\" decoding=\"async\" class=\"preload-me\" src=\"https:\/\/sport-goslar.de\/verein-shop\/wp-content\/uploads\/2021\/04\/Short-Hosen-Jako-500x500-1-300x300.jpg\" alt=\"Short &amp; Hosen FCL\" width=\"300\" height=\"300\" srcset=\"https:\/\/sport-goslar.de\/verein-shop\/wp-content\/uploads\/2021\/04\/Short-Hosen-Jako-500x500-1-300x300.jpg 300w, https:\/\/sport-goslar.de\/verein-shop\/wp-content\/uploads\/2021\/04\/Short-Hosen-Jako-500x500-1-150x150.jpg 150w, https:\/\/sport-goslar.de\/verein-shop\/wp-content\/uploads\/2021\/04\/Short-Hosen-Jako-500x500-1-200x200.jpg 200w, https:\/\/sport-goslar.de\/verein-shop\/wp-content\/uploads\/2021\/04\/Short-Hosen-Jako-500x500-1.jpg 500w\" sizes=\"auto, (max-width: 300px) 100vw, 300px\" \/><\/a>\n\t<\/div>\n\t<figcaption class=\"woocom-list-content\">\n\n\t\t\n\t<\/figcaption>\n<\/figure>\n<\/article>\n\n\n\n<article class=\"post product-category product\">\n\n\t<figure class=\"woocom-project\">\n\t<div class=\"woo-buttons-on-img\">\n\n\t\t<a href=\"https:\/\/sport-goslar.de\/verein-shop\/product-category\/vereine\/fc-lehrte\/taschen-rucksaecke-fcl\/\" class=\"alignnone\"><img loading=\"lazy\" decoding=\"async\" class=\"preload-me\" src=\"https:\/\/sport-goslar.de\/verein-shop\/wp-content\/uploads\/2021\/01\/sport-goslar-mellendorf-taschen-06-300x300.jpg\" alt=\"Taschen &amp; Rucks\u00e4cke FCL\" width=\"300\" height=\"300\" srcset=\"https:\/\/sport-goslar.de\/verein-shop\/wp-content\/uploads\/2021\/01\/sport-goslar-mellendorf-taschen-06-300x300.jpg 300w, https:\/\/sport-goslar.de\/verein-shop\/wp-content\/uploads\/2021\/01\/sport-goslar-mellendorf-taschen-06-200x200.jpg 200w, https:\/\/sport-goslar.de\/verein-shop\/wp-content\/uploads\/2021\/01\/sport-goslar-mellendorf-taschen-06-416x416.jpg 416w, https:\/\/sport-goslar.de\/verein-shop\/wp-content\/uploads\/2021\/01\/sport-goslar-mellendorf-taschen-06-150x150.jpg 150w, https:\/\/sport-goslar.de\/verein-shop\/wp-content\/uploads\/2021\/01\/sport-goslar-mellendorf-taschen-06.jpg 500w\" sizes=\"auto, (max-width: 300px) 100vw, 300px\" \/><\/a>\n\t<\/div>\n\t<figcaption class=\"woocom-list-content\">\n\n\t\t\n\t<\/figcaption>\n<\/figure>\n<\/article>\n\n\n\n<article class=\"post product-category product\">\n\n\t<figure class=\"woocom-project\">\n\t<div class=\"woo-buttons-on-img\">\n\n\t\t<a href=\"https:\/\/sport-goslar.de\/verein-shop\/product-category\/vereine\/fc-lehrte\/trainingsbedarf-fcl\/\" class=\"alignnone\"><img loading=\"lazy\" decoding=\"async\" class=\"preload-me\" src=\"https:\/\/sport-goslar.de\/verein-shop\/wp-content\/uploads\/2021\/04\/Trainingsbedarf-500x500-1-300x300.jpg\" alt=\"Trainingsbedarf FCL\" width=\"300\" height=\"300\" srcset=\"https:\/\/sport-goslar.de\/verein-shop\/wp-content\/uploads\/2021\/04\/Trainingsbedarf-500x500-1-300x300.jpg 300w, https:\/\/sport-goslar.de\/verein-shop\/wp-content\/uploads\/2021\/04\/Trainingsbedarf-500x500-1-150x150.jpg 150w, https:\/\/sport-goslar.de\/verein-shop\/wp-content\/uploads\/2021\/04\/Trainingsbedarf-500x500-1-200x200.jpg 200w, https:\/\/sport-goslar.de\/verein-shop\/wp-content\/uploads\/2021\/04\/Trainingsbedarf-500x500-1.jpg 500w\" sizes=\"auto, (max-width: 300px) 100vw, 300px\" \/><\/a>\n\t<\/div>\n\t<figcaption class=\"woocom-list-content\">\n\n\t\t\n\t<\/figcaption>\n<\/figure>\n<\/article>\n\n\n\n<article class=\"post product-category product last\">\n\n\t<figure class=\"woocom-project\">\n\t<div class=\"woo-buttons-on-img\">\n\n\t\t<a href=\"https:\/\/sport-goslar.de\/verein-shop\/product-category\/vereine\/fc-lehrte\/trikots-fcl\/\" class=\"alignnone\"><img loading=\"lazy\" decoding=\"async\" class=\"preload-me\" src=\"https:\/\/sport-goslar.de\/verein-shop\/wp-content\/uploads\/2021\/04\/trikots-300x300.jpg\" alt=\"Trikots FCL\" width=\"300\" height=\"300\" srcset=\"https:\/\/sport-goslar.de\/verein-shop\/wp-content\/uploads\/2021\/04\/trikots-300x300.jpg 300w, https:\/\/sport-goslar.de\/verein-shop\/wp-content\/uploads\/2021\/04\/trikots-150x150.jpg 150w, https:\/\/sport-goslar.de\/verein-shop\/wp-content\/uploads\/2021\/04\/trikots-200x200.jpg 200w, https:\/\/sport-goslar.de\/verein-shop\/wp-content\/uploads\/2021\/04\/trikots.jpg 500w\" sizes=\"auto, (max-width: 300px) 100vw, 300px\" \/><\/a>\n\t<\/div>\n\t<figcaption class=\"woocom-list-content\">\n\n\t\t\n\t<\/figcaption>\n<\/figure>\n<\/article>\n\n\n\n<article class=\"post product-category product first\">\n\n\t<figure class=\"woocom-project\">\n\t<div class=\"woo-buttons-on-img\">\n\n\t\t<a href=\"https:\/\/sport-goslar.de\/verein-shop\/product-category\/vereine\/fc-lehrte\/unterwaesche-socken-fcl\/\" class=\"alignnone\"><img loading=\"lazy\" decoding=\"async\" class=\"preload-me\" src=\"https:\/\/sport-goslar.de\/verein-shop\/wp-content\/uploads\/2021\/01\/sport-goslar-mellendorf-unterwaesche-socken-10-300x300.jpg\" alt=\"Unterw\u00e4sche &amp; Socken FCL\" width=\"300\" height=\"300\" srcset=\"https:\/\/sport-goslar.de\/verein-shop\/wp-content\/uploads\/2021\/01\/sport-goslar-mellendorf-unterwaesche-socken-10-300x300.jpg 300w, https:\/\/sport-goslar.de\/verein-shop\/wp-content\/uploads\/2021\/01\/sport-goslar-mellendorf-unterwaesche-socken-10-200x200.jpg 200w, https:\/\/sport-goslar.de\/verein-shop\/wp-content\/uploads\/2021\/01\/sport-goslar-mellendorf-unterwaesche-socken-10-416x416.jpg 416w, https:\/\/sport-goslar.de\/verein-shop\/wp-content\/uploads\/2021\/01\/sport-goslar-mellendorf-unterwaesche-socken-10-150x150.jpg 150w, https:\/\/sport-goslar.de\/verein-shop\/wp-content\/uploads\/2021\/01\/sport-goslar-mellendorf-unterwaesche-socken-10.jpg 500w\" sizes=\"auto, (max-width: 300px) 100vw, 300px\" \/><\/a>\n\t<\/div>\n\t<figcaption class=\"woocom-list-content\">\n\n\t\t\n\t<\/figcaption>\n<\/figure>\n<\/article>\n\n<\/div><\/div><div class=\"ult-spacer spacer-6a06da918bc3f\" data-id=\"6a06da918bc3f\" data-height=\"100\" data-height-mobile=\"50\" data-height-tab=\"100\" data-height-tab-portrait=\"100\" data-height-mobile-landscape=\"50\" style=\"clear:both;display:block;\"><\/div>[\/vc_column][\/vc_row]<\/p>\n<\/div>","protected":false},"excerpt":{"rendered":"<p>[vc_row full_width=&#8220;stretch_row_content_no_spaces&#8220; content_placement=&#8220;middle&#8220; bg_type=&#8220;bg_color&#8220; bg_override=&#8220;full&#8220; ult_hide_row=&#8220;ult_hide_row_value&#8220; ult_hide_row_mobile=&#8220;mobile&#8220; ult_hide_row_mobile_large=&#8220;xl_mobile&#8220; css=&#8220;.vc_custom_1618834778245{margin-top: 100px !important;margin-bottom: 0px !important;padding-top: 0px !important;padding-bottom: 0px !important;}&#8220; bg_color_value=&#8220;#ffffff&#8220;][vc_column css=&#8220;.vc_custom_1609858779699{margin-top: 0px !important;padding-top: 0px !important;}&#8220;][vc_single_image image=&#8220;1391&#8243; img_size=&#8220;1200 x 500&#8243; alignment=&#8220;center&#8220;][\/vc_column][\/vc_row][vc_row full_width=&#8220;stretch_row&#8220; bg_type=&#8220;bg_color&#8220; ult_hide_row=&#8220;ult_hide_row_value&#8220; ult_hide_row_large_screen=&#8220;large_screen&#8220; ult_hide_row_desktop=&#8220;desktop&#8220; ult_hide_row_tablet=&#8220;tablet&#8220; bg_color_value=&#8220;#ffffff&#8220;][vc_column][vc_single_image image=&#8220;860&#8243; img_size=&#8220;full&#8220; alignment=&#8220;center&#8220; image_hovers=&#8220;false&#8220;][\/vc_column][\/vc_row][vc_row][vc_column][\/vc_column][\/vc_row]<\/p>\n","protected":false},"author":1,"featured_media":0,"parent":0,"menu_order":0,"comment_status":"closed","ping_status":"open","template":"","meta":{"footnotes":""},"class_list":["post-861","page","type-page","status-publish","hentry","description-off"],"_links":{"self":[{"href":"https:\/\/sport-goslar.de\/verein-shop\/wp-json\/wp\/v2\/pages\/861","targetHints":{"allow":["GET"]}}],"collection":[{"href":"https:\/\/sport-goslar.de\/verein-shop\/wp-json\/wp\/v2\/pages"}],"about":[{"href":"https:\/\/sport-goslar.de\/verein-shop\/wp-json\/wp\/v2\/types\/page"}],"author":[{"embeddable":true,"href":"https:\/\/sport-goslar.de\/verein-shop\/wp-json\/wp\/v2\/users\/1"}],"replies":[{"embeddable":true,"href":"https:\/\/sport-goslar.de\/verein-shop\/wp-json\/wp\/v2\/comments?post=861"}],"version-history":[{"count":7,"href":"https:\/\/sport-goslar.de\/verein-shop\/wp-json\/wp\/v2\/pages\/861\/revisions"}],"predecessor-version":[{"id":2241,"href":"https:\/\/sport-goslar.de\/verein-shop\/wp-json\/wp\/v2\/pages\/861\/revisions\/2241"}],"wp:attachment":[{"href":"https:\/\/sport-goslar.de\/verein-shop\/wp-json\/wp\/v2\/media?parent=861"}],"curies":[{"name":"wp","href":"https:\/\/api.w.org\/{rel}","templated":true}]}}