{"id":2,"date":"2020-12-22T15:30:29","date_gmt":"2020-12-22T14:30:29","guid":{"rendered":"http:\/\/sport-goslar.de\/verein-shop\/?page_id=2"},"modified":"2021-03-18T14:42:50","modified_gmt":"2021-03-18T13:42:50","slug":"verein-shop","status":"publish","type":"page","link":"https:\/\/sport-goslar.de\/verein-shop\/","title":{"rendered":"Verein-Shop"},"content":{"rendered":"<div class=\"wpb-content-wrapper\"><p>[vc_row css=&#8220;.vc_custom_1616074966549{margin-top: 40px !important;}&#8220;][vc_column width=&#8220;1\/2&#8243;][vc_column_text]<\/p>\n<h2 style=\"text-align: center;\">Jetzt Shop einrichten:<\/h2>\n<p style=\"text-align: center;\">Zusammen besprechen wir mit Euch die individuelle Kollektion f\u00fcr Eurer Team. In einem pers\u00f6nlichen Gespr\u00e4ch beraten wir euch welcher deutsche oder europ\u00e4ische Hersteller am besten zu Eurem Verein, der Firma oder auch zum Verband passt.<\/p>\n<p>[\/vc_column_text][\/vc_column][vc_column width=&#8220;1\/2&#8243;][vc_column_text]<\/p>\n<h2 style=\"text-align: center;\">Bestkondition und Gratisware sichern:<\/h2>\n<p style=\"text-align: center;\">Wir m\u00f6chten auch Dein Team professionell ausstatten und gro\u00dfz\u00fcgig unterst\u00fctzen. Als Ausr\u00fcster von verschiedenen Landesverb\u00e4nden mit insgesamt 283920 Mitgliedern aus 2971 angeschlossen Vereine haben wir au\u00dferordentlich gute Beziehungen zu sehr interessanten Partnern in der Sportartikelindustrie. Sichert euch jetzt TOP-Konditionen und attraktive Sponsoring Vereinbarungen.<\/p>\n<p>[\/vc_column_text][\/vc_column][\/vc_row][vc_row][vc_column width=&#8220;1\/2&#8243;][vc_column_text]<\/p>\n<h2 style=\"text-align: center;\">Eure Kollektion Online ohne zus\u00e4tzlichen Kosten!<\/h2>\n<p style=\"text-align: center;\">Es entstehen keine Kosten f\u00fcr euren Vereinsshop. Wir programmieren den Onlineshop und bef\u00fcllen ihn mit den von euch ausgesuchten Artikeln, hinterlegen die Sonderpreise und \u00fcbernehmen die Pflege.<\/p>\n<p>[\/vc_column_text][\/vc_column][vc_column width=&#8220;1\/2&#8243;][vc_column_text]<\/p>\n<h2 style=\"text-align: center;\">Das \u201eMIA SAN MIA\u201c \u2013 Gef\u00fchl f\u00fcr dein Team!<\/h2>\n<p style=\"text-align: center;\">Durch einen einheitlichen, professionellen Auftritt st\u00e4rken wir das WIR-GEF\u00dcHL in Eurem Team. Ob als Sportverein, Fan, Firma oder Landesverband \u2013 DEIN TEAM, EURE FARBEN!<\/p>\n<p>[\/vc_column_text][\/vc_column][\/vc_row][vc_row][vc_column width=&#8220;1\/2&#8243;][vc_column_text]<\/p>\n<h2 style=\"text-align: center;\">Entlastung von Ehrenamtlichen!<\/h2>\n<p style=\"text-align: center;\">Jedes Teammitglied kann sich die Artikel einfach und bequem \u00fcber den individuellen Onlineshop bestellen. Die Verantwortlichen in einem Verein oder Team k\u00f6nnen sich ab sofort auf das Wesentliche konzentrieren<\/p>\n<p>[\/vc_column_text][\/vc_column][vc_column width=&#8220;1\/2&#8243;][vc_column_text]<\/p>\n<h2 style=\"text-align: center;\">Pers\u00f6nliche Betreuung!<\/h2>\n<p style=\"text-align: center;\">Egal wo der Schuh dr\u00fcckt. Dein pers\u00f6nlicher Ansprechpartner ber\u00e4t euch individuell zu allen Fragen von der richtigen Beflockung \u00fcber die Artikelauswahl bis hin zu Lieferterminen oder Sonderanfertigungen.<\/p>\n<p>[\/vc_column_text][\/vc_column][\/vc_row]<\/p>\n<\/div>","protected":false},"excerpt":{"rendered":"<p>[vc_row css=&#8220;.vc_custom_1616074966549{margin-top: 40px !important;}&#8220;][vc_column width=&#8220;1\/2&#8243;][vc_column_text] Jetzt Shop einrichten: Zusammen besprechen wir mit Euch die individuelle Kollektion f\u00fcr Eurer Team. In einem pers\u00f6nlichen Gespr\u00e4ch beraten wir euch welcher deutsche oder europ\u00e4ische Hersteller am besten zu Eurem Verein, der Firma oder auch zum Verband passt. [\/vc_column_text][\/vc_column][vc_column width=&#8220;1\/2&#8243;][vc_column_text] Bestkondition und Gratisware sichern: Wir m\u00f6chten auch Dein Team professionell&hellip;<\/p>\n","protected":false},"author":1,"featured_media":0,"parent":0,"menu_order":0,"comment_status":"closed","ping_status":"open","template":"","meta":{"footnotes":""},"class_list":["post-2","page","type-page","status-publish","hentry","description-off"],"_links":{"self":[{"href":"https:\/\/sport-goslar.de\/verein-shop\/wp-json\/wp\/v2\/pages\/2","targetHints":{"allow":["GET"]}}],"collection":[{"href":"https:\/\/sport-goslar.de\/verein-shop\/wp-json\/wp\/v2\/pages"}],"about":[{"href":"https:\/\/sport-goslar.de\/verein-shop\/wp-json\/wp\/v2\/types\/page"}],"author":[{"embeddable":true,"href":"https:\/\/sport-goslar.de\/verein-shop\/wp-json\/wp\/v2\/users\/1"}],"replies":[{"embeddable":true,"href":"https:\/\/sport-goslar.de\/verein-shop\/wp-json\/wp\/v2\/comments?post=2"}],"version-history":[{"count":15,"href":"https:\/\/sport-goslar.de\/verein-shop\/wp-json\/wp\/v2\/pages\/2\/revisions"}],"predecessor-version":[{"id":808,"href":"https:\/\/sport-goslar.de\/verein-shop\/wp-json\/wp\/v2\/pages\/2\/revisions\/808"}],"wp:attachment":[{"href":"https:\/\/sport-goslar.de\/verein-shop\/wp-json\/wp\/v2\/media?parent=2"}],"curies":[{"name":"wp","href":"https:\/\/api.w.org\/{rel}","templated":true}]}}